{"id":700,"date":"2018-05-09T15:28:41","date_gmt":"2018-05-09T13:28:41","guid":{"rendered":"http:\/\/rennes-le-chateau.org\/?page_id=700"},"modified":"2019-08-10T15:54:42","modified_gmt":"2019-08-10T13:54:42","slug":"les-secrets-du-film-da-vinci-code","status":"publish","type":"page","link":"https:\/\/rennes-le-chateau.org\/index.php\/autour-de-laffaire\/des-enigmes\/les-secrets-du-film-da-vinci-code\/","title":{"rendered":"Les Secrets du Film Da Vinci Code"},"content":{"rendered":"<h6><span style=\"color: #808080;\"><a href=\"https:\/\/rennes-le-chateau.org\/\"><span style=\"color: #999999;\">Accueil<\/span><\/a> \/<span style=\"color: #999999;\"><a style=\"color: #999999;\" href=\"https:\/\/rennes-le-chateau.org\/index.php\/autour-de-laffaire\/\"> Autour de l&#8217;Affaire<\/a><\/span><\/span> \/ <span style=\"color: #999999;\"><a style=\"color: #999999;\" href=\"https:\/\/rennes-le-chateau.org\/index.php\/des-enigmes\/\">Des \u00e9nigmes<\/a><\/span><\/h6>\n<figure id=\"attachment_831\" aria-describedby=\"caption-attachment-831\" style=\"width: 220px\" class=\"wp-caption alignleft\"><img data-recalc-dims=\"1\" loading=\"lazy\" decoding=\"async\" class=\"wp-image-831 size-full\" title=\"L'affiche du film &quot;Da Vinci Code&quot; - La preuve que ce film est li\u00e9 \u00e0 la fameuse affaire de Rennes-Le Ch\u00e2teau\" src=\"https:\/\/i0.wp.com\/rennes-le-chateau.org\/wp-content\/uploads\/2018\/05\/DVCjacqu-1.jpg?resize=220%2C302\" alt=\"L'affiche du film &quot;Da Vinci Code&quot;\" width=\"220\" height=\"302\" \/><figcaption id=\"caption-attachment-831\" class=\"wp-caption-text\">L&#8217;affiche du film &#8220;Da Vinci Code&#8221;<\/figcaption><\/figure>\n<p>Dans le DVD &#8220;<span style=\"color: #ff6600;\">Le Code Da Vinci enqu\u00eate sur les \u00e9nigmes d&#8217;Un Best Seller&#8221;<\/span>, David Galley et moi m\u00eame avons d\u00e9montr\u00e9 que <span style=\"color: #ff6600;\">Dan Brown s&#8217;appuyait compl\u00e9t\u00e8rent sur l&#8217;histoire de Rennes-Le- Ch\u00e2teau<\/span> pour la trame de l&#8217;histoire de son roman. Histoire sur laquelle il s&#8217;appuie mais <span style=\"color: #ff6600;\">sans jamais la nommer ni y faire r\u00e9f\u00e9rence.<\/span><\/p>\n<p>Depuis la sortie de notre opus, c&#8217;est chose d\u00e9montr\u00e9e et nombreux sont ceux qui ont travaill\u00e9 \u00e0 leur tour, sur cette hypoth\u00e8se.<\/p>\n<p>Le seul qui jamais ne confirma ou n&#8217;infirma cette id\u00e9e est l&#8217;auteur du livre: Dan Brown. La sortie du film se fit \u00e0 grand renfort de Publicit\u00e9 mais il faut dire que l<span style=\"color: #ff6600;\">e r\u00e9alisateur, Ron Ho\u00adward<\/span>, s&#8217;\u00e9tait entour\u00e9 d&#8217;un casting prometteur : Tom Hanks, dans le r\u00f4le de Robert Langdon ; Audrey Tautou dans celui de Sophie Neveu ; Jean-Pierre Mariel dans le r\u00f4le de Jacques Sauni\u00e8re et Jean R\u00e9no dans le r\u00f4le de B\u00e9zu Fache le policier appar\u00adtenant \u00e0 l\u2019<span style=\"color: #ff6600;\">Opus D\u00e9i<\/span>. Le film connu un beau succ\u00e8s \u00e0 sa sortie. <span style=\"color: #ff6600;\">Pour les passionn\u00e9s de l&#8217;histoire de Rennes Le Ch\u00e2teau seul un passage pouvait faire penser \u00e0 cette fabuleuse affaire<\/span> ; une discussion entre Robert Langdon, Sophie neveu et Lee Teabing, fait r\u00e9f\u00e9rence \u00e0 \u00ab <span style=\"color: #ff6600;\">\u2026 l\u2019affaire de Philippe de Cherisey en 1967 \u2026<\/span> \u00bb<\/p>\n<p>Lors de la sortie du DVD du film, les publicit\u00e9s annon\u00e7aient \u00ab \u2026 d\u00e9couvrez les 25 minutes in\u00e9dites du film et soyez les premiers \u00e0 d\u00e9couvrir ce qui n\u2019a jamais \u00e9t\u00e9 vu ! \u00bb Programme all\u00e9chant ne pouvant qu\u2019attirer celui qui s\u2019\u00e9tait passionn\u00e9 pour l\u2019histoire et le film. Bien s\u00fbr, pour b\u00e9n\u00e9ficier de ces 25 minutes suppl\u00e9mentaires il \u00e9tait n\u00e9cessaire d\u2019acheter la version longue du film dans un coffret double album qui voit sont prix, tout comme la dur\u00e9e du film, prendre aussi une \u00ab version longue \u00bb.<\/p>\n<p>Le DVD est beau et s\u2019agr\u00e9mente d\u2019un second disque pr\u00e9sentant les bonus du film dont plu\u00adsieurs interviews de Dan Brown. Dans l\u2019une d\u2019elle l\u2019auteur pr\u00e9cise : \u00ab <em><span style=\"color: #ff6600;\">\u2026 d\u2019ailleurs les th\u00e9ories que j\u2019aborde ne sont pas de moi et sont anciennes \u2026<\/span><\/em> \u00bb. Dans l\u2019un de ces bonus, on nous pr\u00e9sente des d\u00e9tails qui sont \u00e9tonnants et nous pr\u00e9sente un \u00ab \u00e9sot\u00e9risme \u00bb du film.<\/p>\n<p>Mais le plus \u00e9tonnant du film est un passage surprenant et nous prouve<span style=\"color: #ff6600;\"> la parfaite connaissance de Dan Brown et de Ron Howard de l\u2019affaire de Rennes-Le-Ch\u00e2teau<\/span>. C\u2019est David Galley qui le vit le premier ! Un soir il me t\u00e9l\u00e9phone et me dit : \u00ab <em><span style=\"color: #ff6600;\">As-tu vu le d\u00e9tail dans le DVD du Da Vinci Code<\/span><\/em> ?<\/p>\n<p>&#8211; Non, lui r\u00e9pondis-je, je n\u2019ai vu que Dan Brown dans la foule du cocktail au tout d\u00e9but du film !<\/p>\n<p>&#8211; Et bien vas plus loin ! L\u00e0 ou les deux \u00e9v\u00eaques boivent un verre de vin ! Tu vas \u00eatre surpris !<\/p>\n<p>M\u2019ex\u00e9cutant je vais <span style=\"color: #ff6600;\">au chapitre 8 du film<\/span> et le fait d\u00e9filer au ralenti ! C\u2019est \u00e0 la fin de ce chapitre au moment o\u00f9 les deux \u00e9v\u00eaques se servent un verre de vin que le d\u00e9tail appara\u00eet ! Hommes de go\u00fbts les deux eccl\u00e9siastiques se servent un Bordeaux Sup\u00e9rieur un \u00ab<span style=\"color: #ff6600;\"> Ch\u00e2teau Rennes \u00bb de 1976<\/span> ! Et le plus beau est l\u2019\u00e9tiquette de la bouteille ! <strong><a href=\"http:\/\/rennes-le-chateau.org\/index.php\/le-domaine-de-berenger-sauniere\/\"><span style=\"color: #ff6600;\">Une superbe Tour Magdala y est repr\u00e9sent\u00e9e<\/span><\/a> <\/strong>!<\/p>\n<p><span style=\"color: #ff6600;\">Chapitre 8 \u2013 s\u00e9quence entre 00:46:07 et 00:46:14 arr\u00eat sur image 00:46:13<\/span><\/p>\n<figure id=\"attachment_833\" aria-describedby=\"caption-attachment-833\" style=\"width: 438px\" class=\"wp-caption aligncenter\"><img data-recalc-dims=\"1\" loading=\"lazy\" decoding=\"async\" class=\"wp-image-833 size-full\" title=\"Une superbe Tour Magdala orne l'\u00e9tiquette de cette bouteille de vin, preuve de la connaissance de cette affaire par Dan Brown, auteur et Ron Howard r\u00e9alisateur\" src=\"https:\/\/i0.wp.com\/rennes-le-chateau.org\/wp-content\/uploads\/2018\/05\/DVC-01-01.jpg?resize=438%2C275\" alt=\"Une superbe Tour Magdala orne l'\u00e9tiquette de cette bouteille de vin, preuve de la connaissance de cette affaire par Dan Brown, auteur et Ron Howard r\u00e9alisateur\" width=\"438\" height=\"275\" srcset=\"https:\/\/i0.wp.com\/rennes-le-chateau.org\/wp-content\/uploads\/2018\/05\/DVC-01-01.jpg?w=438&amp;ssl=1 438w, https:\/\/i0.wp.com\/rennes-le-chateau.org\/wp-content\/uploads\/2018\/05\/DVC-01-01.jpg?resize=300%2C188&amp;ssl=1 300w, https:\/\/i0.wp.com\/rennes-le-chateau.org\/wp-content\/uploads\/2018\/05\/DVC-01-01.jpg?resize=250%2C157&amp;ssl=1 250w, https:\/\/i0.wp.com\/rennes-le-chateau.org\/wp-content\/uploads\/2018\/05\/DVC-01-01.jpg?resize=350%2C220&amp;ssl=1 350w\" sizes=\"auto, (max-width: 438px) 100vw, 438px\" \/><figcaption id=\"caption-attachment-833\" class=\"wp-caption-text\">Une superbe Tour Magdala orne l&#8217;\u00e9tiquette de cette bouteille de vin, preuve de la connaissance de cette affaire par Dan Brown, auteur et Ron Howard r\u00e9alisateur<\/figcaption><\/figure>\n<figure id=\"attachment_834\" aria-describedby=\"caption-attachment-834\" style=\"width: 344px\" class=\"wp-caption aligncenter\"><img data-recalc-dims=\"1\" loading=\"lazy\" decoding=\"async\" class=\"wp-image-834 size-full\" title=\"Une superbe Tour Magdala orne l'\u00e9tiquette de cette bouteille de vin, preuve de la connaissance de cette affaire par Dan Brown, auteur et Ron Howard r\u00e9alisateur\" src=\"https:\/\/i0.wp.com\/rennes-le-chateau.org\/wp-content\/uploads\/2018\/05\/DVC-01-det01-small.jpg?resize=344%2C302\" alt=\"Gros plan sur la Tour Magdala de l'\u00e9tiquette de la bouteille de vin\" width=\"344\" height=\"302\" srcset=\"https:\/\/i0.wp.com\/rennes-le-chateau.org\/wp-content\/uploads\/2018\/05\/DVC-01-det01-small.jpg?w=344&amp;ssl=1 344w, https:\/\/i0.wp.com\/rennes-le-chateau.org\/wp-content\/uploads\/2018\/05\/DVC-01-det01-small.jpg?resize=300%2C263&amp;ssl=1 300w, https:\/\/i0.wp.com\/rennes-le-chateau.org\/wp-content\/uploads\/2018\/05\/DVC-01-det01-small.jpg?resize=250%2C219&amp;ssl=1 250w\" sizes=\"auto, (max-width: 344px) 100vw, 344px\" \/><figcaption id=\"caption-attachment-834\" class=\"wp-caption-text\">Gros plan sur la Tour Magdala de l&#8217;\u00e9tiquette de la bouteille de vin<\/figcaption><\/figure>\n<p><span style=\"color: #ff6600;\">Maintenant nous en somme certains le fameux \u00ab<em> Da Vinci Code<\/em> \u00bb est bien le troisi\u00e8me opus depuis 1967<\/span><\/p>\n<p>Quelques autres d\u00e9tails sont amusants, comme <span style=\"color: #ff6600;\">cette Rose Ligne<\/span> marqu\u00e9e sur le livre du film et qui place une belle rosace sur \u2026<span style=\"color: #ff6600;\"> Rennes-Le-Ch\u00e2teau !<\/span> <span style=\"color: #ff6600;\">Chapitre 8 \u2013 s\u00e9quence entre 00:46:07 et\u00a0<span style=\"font-size: 1rem;\">00:46:14 arr\u00eat sur image 00:46:13<\/span><\/span><\/p>\n<p style=\"text-align: center;\"><img data-recalc-dims=\"1\" loading=\"lazy\" decoding=\"async\" class=\"aligncenter size-full wp-image-835\" src=\"https:\/\/i0.wp.com\/rennes-le-chateau.org\/wp-content\/uploads\/2018\/05\/DVC-02.jpg?resize=511%2C286\" alt=\"\" width=\"511\" height=\"286\" srcset=\"https:\/\/i0.wp.com\/rennes-le-chateau.org\/wp-content\/uploads\/2018\/05\/DVC-02.jpg?w=511&amp;ssl=1 511w, https:\/\/i0.wp.com\/rennes-le-chateau.org\/wp-content\/uploads\/2018\/05\/DVC-02.jpg?resize=300%2C168&amp;ssl=1 300w, https:\/\/i0.wp.com\/rennes-le-chateau.org\/wp-content\/uploads\/2018\/05\/DVC-02.jpg?resize=250%2C140&amp;ssl=1 250w, https:\/\/i0.wp.com\/rennes-le-chateau.org\/wp-content\/uploads\/2018\/05\/DVC-02.jpg?resize=350%2C196&amp;ssl=1 350w\" sizes=\"auto, (max-width: 511px) 100vw, 511px\" \/><\/p>\n<p style=\"text-align: center;\"><span style=\"color: #ff6600;\"><strong>CQFD !\u00a0<\/strong><\/span><\/p>\n","protected":false},"excerpt":{"rendered":"<p>Accueil \/ Autour de l&#8217;Affaire \/ Des \u00e9nigmes Dans le DVD &#8220;Le Code Da Vinci enqu\u00eate sur les \u00e9nigmes d&#8217;Un Best Seller&#8221;, David Galley et moi m\u00eame avons d\u00e9montr\u00e9 que Dan Brown s&#8217;appuyait compl\u00e9t\u00e8rent sur l&#8217;histoire de Rennes-Le- Ch\u00e2teau pour la trame de l&#8217;histoire de son roman. Histoire sur laquelle il s&#8217;appuie mais sans jamais &hellip; <\/p>\n<p class=\"link-more\"><a href=\"https:\/\/rennes-le-chateau.org\/index.php\/autour-de-laffaire\/des-enigmes\/les-secrets-du-film-da-vinci-code\/\" class=\"more-link\">Continuer la lecture<span class=\"screen-reader-text\"> de &laquo;&nbsp;Les Secrets du Film Da Vinci Code&nbsp;&raquo;<\/span><\/a><\/p>\n","protected":false},"author":1,"featured_media":0,"parent":685,"menu_order":0,"comment_status":"open","ping_status":"closed","template":"","meta":{"jetpack_post_was_ever_published":false,"footnotes":""},"class_list":["post-700","page","type-page","status-publish","hentry"],"jetpack_sharing_enabled":true,"jetpack_shortlink":"https:\/\/wp.me\/P9SxBn-bi","_links":{"self":[{"href":"https:\/\/rennes-le-chateau.org\/index.php\/wp-json\/wp\/v2\/pages\/700","targetHints":{"allow":["GET"]}}],"collection":[{"href":"https:\/\/rennes-le-chateau.org\/index.php\/wp-json\/wp\/v2\/pages"}],"about":[{"href":"https:\/\/rennes-le-chateau.org\/index.php\/wp-json\/wp\/v2\/types\/page"}],"author":[{"embeddable":true,"href":"https:\/\/rennes-le-chateau.org\/index.php\/wp-json\/wp\/v2\/users\/1"}],"replies":[{"embeddable":true,"href":"https:\/\/rennes-le-chateau.org\/index.php\/wp-json\/wp\/v2\/comments?post=700"}],"version-history":[{"count":5,"href":"https:\/\/rennes-le-chateau.org\/index.php\/wp-json\/wp\/v2\/pages\/700\/revisions"}],"predecessor-version":[{"id":1443,"href":"https:\/\/rennes-le-chateau.org\/index.php\/wp-json\/wp\/v2\/pages\/700\/revisions\/1443"}],"up":[{"embeddable":true,"href":"https:\/\/rennes-le-chateau.org\/index.php\/wp-json\/wp\/v2\/pages\/685"}],"wp:attachment":[{"href":"https:\/\/rennes-le-chateau.org\/index.php\/wp-json\/wp\/v2\/media?parent=700"}],"curies":[{"name":"wp","href":"https:\/\/api.w.org\/{rel}","templated":true}]}}