{"id":695,"date":"2018-05-09T15:28:41","date_gmt":"2018-05-09T13:28:41","guid":{"rendered":"http:\/\/rennes-le-chateau.org\/?page_id=695"},"modified":"2019-08-10T15:45:06","modified_gmt":"2019-08-10T13:45:06","slug":"le-fauteuil-du-diable","status":"publish","type":"page","link":"https:\/\/rennes-le-chateau.org\/index.php\/autour-de-laffaire\/des-enigmes\/le-fauteuil-du-diable\/","title":{"rendered":"Le Fauteuil du Diable"},"content":{"rendered":"<h6><span style=\"color: #808080;\"><a href=\"https:\/\/rennes-le-chateau.org\/\"><span style=\"color: #999999;\">Accueil<\/span><\/a> \/<span style=\"color: #999999;\"><a style=\"color: #999999;\" href=\"https:\/\/rennes-le-chateau.org\/index.php\/autour-de-laffaire\/\"> Autour de l&#8217;Affaire<\/a><\/span><\/span> \/ <span style=\"color: #999999;\"><a style=\"color: #999999;\" href=\"https:\/\/rennes-le-chateau.org\/index.php\/des-enigmes\/\">Des \u00e9nigmes<\/a><\/span><\/h6>\n<p style=\"text-align: center;\"><div id=\"metaslider-id-772\" style=\"max-width: 800px; margin: 0 auto;\" class=\"ml-slider-3-98-0 metaslider metaslider-flex metaslider-772 ml-slider ms-theme-default\" role=\"region\" aria-roledescription=\"Slideshow\" aria-label=\"SS06-FdDiable\" data-width=\"800\">\n    <div id=\"metaslider_container_772\">\n        <div id=\"metaslider_772\" class=\"flexslider\">\n            <ul class='slides'>\n                <li style=\"display: block; width: 100%;\" class=\"slide-773 ms-image \" aria-roledescription=\"slide\" aria-label=\"slide-773\" data-date=\"2018-05-11 10:14:08\"><img data-recalc-dims=\"1\" loading=\"lazy\" decoding=\"async\" src=\"https:\/\/i0.wp.com\/rennes-le-chateau.org\/wp-content\/uploads\/2018\/05\/FauteuilDiable005.jpg?resize=525%2C349&#038;ssl=1\" height=\"349\" width=\"525\" alt=\"La Source du Cercle au Fauteuil du Diable\" class=\"slider-772 slide-773\" title=\"FauteuilDiable005\" \/><\/li>\n                <li style=\"display: none; width: 100%;\" class=\"slide-774 ms-image \" aria-roledescription=\"slide\" aria-label=\"slide-774\" data-date=\"2018-05-11 10:14:08\"><img data-recalc-dims=\"1\" loading=\"lazy\" decoding=\"async\" src=\"https:\/\/i0.wp.com\/rennes-le-chateau.org\/wp-content\/uploads\/2018\/05\/FauteuilDiable004.jpg?resize=525%2C349&#038;ssl=1\" height=\"349\" width=\"525\" alt=\"Un triangle grav\u00e9 sur l&#039;un des bras du Fauteuil du Diable\" class=\"slider-772 slide-774\" title=\"FauteuilDiable004\" \/><\/li>\n                <li style=\"display: none; width: 100%;\" class=\"slide-775 ms-image \" aria-roledescription=\"slide\" aria-label=\"slide-775\" data-date=\"2018-05-11 10:14:08\"><img data-recalc-dims=\"1\" loading=\"lazy\" decoding=\"async\" src=\"https:\/\/i0.wp.com\/rennes-le-chateau.org\/wp-content\/uploads\/2018\/05\/FauteuilDiable003.jpg?resize=525%2C349&#038;ssl=1\" height=\"349\" width=\"525\" alt=\"Le Fauteuil du Diable \u00e0 la Source du Cercle\" class=\"slider-772 slide-775\" title=\"FauteuilDiable003\" \/><\/li>\n                <li style=\"display: none; width: 100%;\" class=\"slide-776 ms-image \" aria-roledescription=\"slide\" aria-label=\"slide-776\" data-date=\"2018-05-11 10:14:08\"><img data-recalc-dims=\"1\" loading=\"lazy\" decoding=\"async\" src=\"https:\/\/i0.wp.com\/rennes-le-chateau.org\/wp-content\/uploads\/2018\/05\/FauteuilDiable002.jpg?resize=525%2C349&#038;ssl=1\" height=\"349\" width=\"525\" alt=\"Le Fauteuil du Diable \u00e0 la Source du Cercle - Bloc monolithique\" class=\"slider-772 slide-776\" title=\"FauteuilDiable002\" \/><\/li>\n                <li style=\"display: none; width: 100%;\" class=\"slide-777 ms-image \" aria-roledescription=\"slide\" aria-label=\"slide-777\" data-date=\"2018-05-11 10:14:08\"><img data-recalc-dims=\"1\" loading=\"lazy\" decoding=\"async\" src=\"https:\/\/i0.wp.com\/rennes-le-chateau.org\/wp-content\/uploads\/2018\/05\/FauteuilDiable001.jpg?resize=525%2C349&#038;ssl=1\" height=\"349\" width=\"525\" alt=\"Vue g\u00e9n\u00e9rale de la Source du cercle avec le fauteuil du Diable en arri\u00e8re plan\" class=\"slider-772 slide-777\" title=\"FauteuilDiable001\" \/><\/li>\n                <li style=\"display: none; width: 100%;\" class=\"slide-778 ms-image \" aria-roledescription=\"slide\" aria-label=\"slide-778\" data-date=\"2018-05-11 10:14:08\"><img data-recalc-dims=\"1\" loading=\"lazy\" decoding=\"async\" src=\"https:\/\/i0.wp.com\/rennes-le-chateau.org\/wp-content\/uploads\/2018\/05\/FauteuilDiable006.jpg?resize=525%2C349&#038;ssl=1\" height=\"349\" width=\"525\" alt=\"L&#039;arriv\u00e9e du chemin \u00e0 la Source du Cercle avec le Fauteuil du Diable en fond\" class=\"slider-772 slide-778\" title=\"FauteuilDiable006\" \/><\/li>\n            <\/ul>\n        <\/div>\n        \n    <\/div>\n<\/div><\/p>\n<p>Situ\u00e9 au <span style=\"color: #ff6600;\">sud de la commune de Rennes-Les-Bains<\/span>, le Fauteuil du Diable se trouvent plus pr\u00e9cis\u00e9ment \u00e0 <span style=\"color: #ff6600;\">la Fontaine du Cercle<\/span>. Son acc\u00e8s se fait par le hameau du Cercle d&#8217;o\u00f9 il est n\u00e9cessaire de prendre un cheminement de for\u00eat qu&#8217;il est bon de monter tranquillement.<\/p>\n<figure id=\"attachment_829\" aria-describedby=\"caption-attachment-829\" style=\"width: 402px\" class=\"wp-caption aligncenter\"><img data-recalc-dims=\"1\" loading=\"lazy\" decoding=\"async\" class=\" wp-image-829\" src=\"https:\/\/i0.wp.com\/rennes-le-chateau.org\/wp-content\/uploads\/2018\/05\/CarteFdD.jpg?resize=402%2C246\" alt=\"La Source du Cercle proche de Rennes-Les-Bains\" width=\"402\" height=\"246\" srcset=\"https:\/\/i0.wp.com\/rennes-le-chateau.org\/wp-content\/uploads\/2018\/05\/CarteFdD.jpg?w=800&amp;ssl=1 800w, https:\/\/i0.wp.com\/rennes-le-chateau.org\/wp-content\/uploads\/2018\/05\/CarteFdD.jpg?resize=300%2C184&amp;ssl=1 300w, https:\/\/i0.wp.com\/rennes-le-chateau.org\/wp-content\/uploads\/2018\/05\/CarteFdD.jpg?resize=768%2C470&amp;ssl=1 768w, https:\/\/i0.wp.com\/rennes-le-chateau.org\/wp-content\/uploads\/2018\/05\/CarteFdD.jpg?resize=250%2C153&amp;ssl=1 250w, https:\/\/i0.wp.com\/rennes-le-chateau.org\/wp-content\/uploads\/2018\/05\/CarteFdD.jpg?resize=350%2C214&amp;ssl=1 350w\" sizes=\"auto, (max-width: 402px) 100vw, 402px\" \/><figcaption id=\"caption-attachment-829\" class=\"wp-caption-text\">La Source du Cercle proche de Rennes-Les-Bains<\/figcaption><\/figure>\n<p>Il s&#8217;agit d&#8217;un bloc de pierre taill\u00e9 datant probablement du<span style=\"color: #ff6600;\"> n\u00e9olithique<\/span> et pr\u00e9sentant la forme d&#8217;un fauteuil dans lequel il est ais\u00e9 de s&#8217;asseoir.<\/p>\n<p style=\"text-align: center;\"><img data-recalc-dims=\"1\" loading=\"lazy\" decoding=\"async\" class=\"aligncenter wp-image-746\" src=\"https:\/\/i0.wp.com\/rennes-le-chateau.org\/wp-content\/uploads\/2018\/05\/FauteuilDiable003.jpg?resize=400%2C272\" alt=\"Le Fauteuil du Diable \u00e0 la Source du Cercle\" width=\"400\" height=\"272\" srcset=\"https:\/\/i0.wp.com\/rennes-le-chateau.org\/wp-content\/uploads\/2018\/05\/FauteuilDiable003.jpg?w=800&amp;ssl=1 800w, https:\/\/i0.wp.com\/rennes-le-chateau.org\/wp-content\/uploads\/2018\/05\/FauteuilDiable003.jpg?resize=300%2C204&amp;ssl=1 300w, https:\/\/i0.wp.com\/rennes-le-chateau.org\/wp-content\/uploads\/2018\/05\/FauteuilDiable003.jpg?resize=768%2C521&amp;ssl=1 768w, https:\/\/i0.wp.com\/rennes-le-chateau.org\/wp-content\/uploads\/2018\/05\/FauteuilDiable003.jpg?resize=250%2C170&amp;ssl=1 250w, https:\/\/i0.wp.com\/rennes-le-chateau.org\/wp-content\/uploads\/2018\/05\/FauteuilDiable003.jpg?resize=350%2C238&amp;ssl=1 350w\" sizes=\"auto, (max-width: 400px) 100vw, 400px\" \/><\/p>\n<p>Il y a encore un peu plus d&#8217;un si\u00e8cle,\u00a0<span style=\"color: #ff6600;\"> la Fontaine du Cercle \u00e9tait un lieu bellement am\u00e9nag\u00e9<\/span>, essentiellement avec <span style=\"color: #ff6600;\">des vestiges gallo-romains<\/span> qui avaient \u00e9t\u00e9 d\u00e9couverts quelques ann\u00e9es auparavant ; de nos jours le lieu n&#8217;a, h\u00e9las, plus ce bel aspect.<\/p>\n<p style=\"text-align: center;\"><img data-recalc-dims=\"1\" loading=\"lazy\" decoding=\"async\" class=\"aligncenter wp-image-782\" src=\"https:\/\/i0.wp.com\/rennes-le-chateau.org\/wp-content\/uploads\/2018\/05\/FontaineCercle03.gif?resize=413%2C296\" alt=\"Gravure ancienne pr\u00e9cisant les \u00e9l\u00e9ments gallo-romains de la Fontaine du cercle\" width=\"413\" height=\"296\" \/><\/p>\n<p>Le Fauteuil du Diable est <span style=\"color: #ff6600;\">un lieu \u00e9trange o\u00f9 r\u00e8gne une ambiance particuli\u00e8re, parfois lourde<\/span>. Pour de nombreux chercheurs, il fait parti int\u00e9grante du myst\u00e8re de Rennes-Le-Ch\u00e2teau et plus pr\u00e9cis\u00e9ment celui li\u00e9 \u00e0 <span style=\"color: #ff6600;\">Henri Boudet cur\u00e9 de Rennes-Les-Bains<\/span>, contemporain de B\u00e9renger Sauni\u00e8re.<\/p>\n<p><strong>Pour en savoir plus<\/strong> :\u00a0 <a href=\"http:\/\/rennes-le-chateau.org\/wp-content\/uploads\/2018\/05\/le-fauteuil-du-diable.pdf\" target=\"_blank\" rel=\"noopener noreferrer\"><strong><span style=\"color: #ff6600;\">Le Fauteuil du Diable<\/span><\/strong><\/a>\u00a0&#8211; <em>Document PDF<\/em><\/p>\n<p style=\"text-align: center;\"><div class=\"rl-gallery-container rl-loading\" id=\"rl-gallery-container-1\" data-gallery_id=\"786\"> <div class=\"rl-gallery rl-basicgrid-gallery \" id=\"rl-gallery-1\" data-gallery_no=\"1\"> <div class=\"rl-gallery-item\"><a href=\"https:\/\/i0.wp.com\/rennes-le-chateau.org\/wp-content\/uploads\/2018\/05\/FontaineCercle001.jpg?fit=613%2C392&ssl=1\" title=\"\" data-rl_title=\"\" class=\"rl-gallery-link\" data-rl_caption=\"\" data-rel=\"lightbox-gallery-1\"><img loading=\"lazy\" decoding=\"async\" src=\"https:\/\/i0.wp.com\/rennes-le-chateau.org\/wp-content\/uploads\/2018\/05\/FontaineCercle001.jpg?resize=150%2C150&#038;ssl=1\" width=\"150\" height=\"150\" alt=\"La Fontaine du Cercle \u00e0 la fin des ann\u00e9es 1800\"\/><\/a><\/div><div class=\"rl-gallery-item\"><a href=\"https:\/\/i0.wp.com\/rennes-le-chateau.org\/wp-content\/uploads\/2018\/05\/FontaineCercle03.gif?fit=691%2C496&ssl=1\" title=\"\" data-rl_title=\"\" class=\"rl-gallery-link\" data-rl_caption=\"\" data-rel=\"lightbox-gallery-1\"><img loading=\"lazy\" decoding=\"async\" src=\"https:\/\/i0.wp.com\/rennes-le-chateau.org\/wp-content\/uploads\/2018\/05\/FontaineCercle03.gif?resize=150%2C150&#038;ssl=1\" width=\"150\" height=\"150\" alt=\"Gravure ancienne pr\u00e9cisant les \u00e9l\u00e9ments gallo-romains de la Fontaine du cercle\"\/><\/a><\/div><div class=\"rl-gallery-item\"><a href=\"https:\/\/i0.wp.com\/rennes-le-chateau.org\/wp-content\/uploads\/2018\/05\/FontaineCercle002.jpg?fit=600%2C389&ssl=1\" title=\"\" data-rl_title=\"\" class=\"rl-gallery-link\" data-rl_caption=\"\" data-rel=\"lightbox-gallery-1\"><img loading=\"lazy\" decoding=\"async\" src=\"https:\/\/i0.wp.com\/rennes-le-chateau.org\/wp-content\/uploads\/2018\/05\/FontaineCercle002.jpg?resize=150%2C150&#038;ssl=1\" width=\"150\" height=\"150\" alt=\"La Source du cercle au d\u00e9but des ann\u00e9es 1900 - Deux femmes assises sur le Fauteuil du Diable\"\/><\/a><\/div><div class=\"rl-gallery-item\"><a href=\"https:\/\/i0.wp.com\/rennes-le-chateau.org\/wp-content\/uploads\/2018\/05\/FauteuilDiable001-1.jpg?fit=800%2C537&ssl=1\" title=\"\" data-rl_title=\"\" class=\"rl-gallery-link\" data-rl_caption=\"\" data-rel=\"lightbox-gallery-1\"><img loading=\"lazy\" decoding=\"async\" src=\"https:\/\/i0.wp.com\/rennes-le-chateau.org\/wp-content\/uploads\/2018\/05\/FauteuilDiable001-1.jpg?resize=150%2C150&#038;ssl=1\" width=\"150\" height=\"150\" alt=\"\"\/><\/a><\/div><div class=\"rl-gallery-item\"><a href=\"https:\/\/i0.wp.com\/rennes-le-chateau.org\/wp-content\/uploads\/2018\/05\/FauteuilDiable005.jpg?fit=800%2C544&ssl=1\" title=\"\" data-rl_title=\"\" class=\"rl-gallery-link\" data-rl_caption=\"\" data-rel=\"lightbox-gallery-1\"><img loading=\"lazy\" decoding=\"async\" src=\"https:\/\/i0.wp.com\/rennes-le-chateau.org\/wp-content\/uploads\/2018\/05\/FauteuilDiable005.jpg?resize=150%2C150&#038;ssl=1\" width=\"150\" height=\"150\" alt=\"La Source du Cercle au Fauteuil du Diable\"\/><\/a><\/div><div class=\"rl-gallery-item\"><a href=\"https:\/\/i0.wp.com\/rennes-le-chateau.org\/wp-content\/uploads\/2018\/05\/FauteuilDiable004.jpg?fit=800%2C542&ssl=1\" title=\"\" data-rl_title=\"\" class=\"rl-gallery-link\" data-rl_caption=\"\" data-rel=\"lightbox-gallery-1\"><img loading=\"lazy\" decoding=\"async\" src=\"https:\/\/i0.wp.com\/rennes-le-chateau.org\/wp-content\/uploads\/2018\/05\/FauteuilDiable004.jpg?resize=150%2C150&#038;ssl=1\" width=\"150\" height=\"150\" alt=\"Un triangle grav\u00e9 sur l&#039;un des bras du Fauteuil du Diable\"\/><\/a><\/div><div class=\"rl-gallery-item\"><a href=\"https:\/\/i0.wp.com\/rennes-le-chateau.org\/wp-content\/uploads\/2018\/05\/FauteuilDiable003.jpg?fit=800%2C543&ssl=1\" title=\"\" data-rl_title=\"\" class=\"rl-gallery-link\" data-rl_caption=\"\" data-rel=\"lightbox-gallery-1\"><img loading=\"lazy\" decoding=\"async\" src=\"https:\/\/i0.wp.com\/rennes-le-chateau.org\/wp-content\/uploads\/2018\/05\/FauteuilDiable003.jpg?resize=150%2C150&#038;ssl=1\" width=\"150\" height=\"150\" alt=\"Le Fauteuil du Diable \u00e0 la Source du Cercle\"\/><\/a><\/div><div class=\"rl-gallery-item\"><a href=\"https:\/\/i0.wp.com\/rennes-le-chateau.org\/wp-content\/uploads\/2018\/05\/FauteuilDiable002.jpg?fit=800%2C537&ssl=1\" title=\"\" data-rl_title=\"\" class=\"rl-gallery-link\" data-rl_caption=\"\" data-rel=\"lightbox-gallery-1\"><img loading=\"lazy\" decoding=\"async\" src=\"https:\/\/i0.wp.com\/rennes-le-chateau.org\/wp-content\/uploads\/2018\/05\/FauteuilDiable002.jpg?resize=150%2C150&#038;ssl=1\" width=\"150\" height=\"150\" alt=\"Le Fauteuil du Diable \u00e0 la Source du Cercle - Bloc monolithique\"\/><\/a><\/div><div class=\"rl-gallery-item\"><a href=\"https:\/\/i0.wp.com\/rennes-le-chateau.org\/wp-content\/uploads\/2018\/05\/FauteuilDiable001.jpg?fit=800%2C537&ssl=1\" title=\"\" data-rl_title=\"\" class=\"rl-gallery-link\" data-rl_caption=\"\" data-rel=\"lightbox-gallery-1\"><img loading=\"lazy\" decoding=\"async\" src=\"https:\/\/i0.wp.com\/rennes-le-chateau.org\/wp-content\/uploads\/2018\/05\/FauteuilDiable001.jpg?resize=150%2C150&#038;ssl=1\" width=\"150\" height=\"150\" alt=\"Vue g\u00e9n\u00e9rale de la Source du cercle avec le fauteuil du Diable en arri\u00e8re plan\"\/><\/a><\/div><div class=\"rl-gallery-item\"><a href=\"https:\/\/i0.wp.com\/rennes-le-chateau.org\/wp-content\/uploads\/2018\/05\/FauteuilDiable006.jpg?fit=800%2C542&ssl=1\" title=\"\" data-rl_title=\"\" class=\"rl-gallery-link\" data-rl_caption=\"\" data-rel=\"lightbox-gallery-1\"><img loading=\"lazy\" decoding=\"async\" src=\"https:\/\/i0.wp.com\/rennes-le-chateau.org\/wp-content\/uploads\/2018\/05\/FauteuilDiable006.jpg?resize=150%2C150&#038;ssl=1\" width=\"150\" height=\"150\" alt=\"L&#039;arriv\u00e9e du chemin \u00e0 la Source du Cercle avec le Fauteuil du Diable en fond\"\/><\/a><\/div> <\/div> <\/div><\/p>\n","protected":false},"excerpt":{"rendered":"<p>Accueil \/ Autour de l&#8217;Affaire \/ Des \u00e9nigmes Situ\u00e9 au sud de la commune de Rennes-Les-Bains, le Fauteuil du Diable se trouvent plus pr\u00e9cis\u00e9ment \u00e0 la Fontaine du Cercle. Son acc\u00e8s se fait par le hameau du Cercle d&#8217;o\u00f9 il est n\u00e9cessaire de prendre un cheminement de for\u00eat qu&#8217;il est bon de monter tranquillement. Il &hellip; <\/p>\n<p class=\"link-more\"><a href=\"https:\/\/rennes-le-chateau.org\/index.php\/autour-de-laffaire\/des-enigmes\/le-fauteuil-du-diable\/\" class=\"more-link\">Continuer la lecture<span class=\"screen-reader-text\"> de &laquo;&nbsp;Le Fauteuil du Diable&nbsp;&raquo;<\/span><\/a><\/p>\n","protected":false},"author":1,"featured_media":0,"parent":685,"menu_order":0,"comment_status":"open","ping_status":"closed","template":"","meta":{"jetpack_post_was_ever_published":false,"footnotes":""},"class_list":["post-695","page","type-page","status-publish","hentry"],"jetpack_sharing_enabled":true,"jetpack_shortlink":"https:\/\/wp.me\/P9SxBn-bd","_links":{"self":[{"href":"https:\/\/rennes-le-chateau.org\/index.php\/wp-json\/wp\/v2\/pages\/695","targetHints":{"allow":["GET"]}}],"collection":[{"href":"https:\/\/rennes-le-chateau.org\/index.php\/wp-json\/wp\/v2\/pages"}],"about":[{"href":"https:\/\/rennes-le-chateau.org\/index.php\/wp-json\/wp\/v2\/types\/page"}],"author":[{"embeddable":true,"href":"https:\/\/rennes-le-chateau.org\/index.php\/wp-json\/wp\/v2\/users\/1"}],"replies":[{"embeddable":true,"href":"https:\/\/rennes-le-chateau.org\/index.php\/wp-json\/wp\/v2\/comments?post=695"}],"version-history":[{"count":11,"href":"https:\/\/rennes-le-chateau.org\/index.php\/wp-json\/wp\/v2\/pages\/695\/revisions"}],"predecessor-version":[{"id":1442,"href":"https:\/\/rennes-le-chateau.org\/index.php\/wp-json\/wp\/v2\/pages\/695\/revisions\/1442"}],"up":[{"embeddable":true,"href":"https:\/\/rennes-le-chateau.org\/index.php\/wp-json\/wp\/v2\/pages\/685"}],"wp:attachment":[{"href":"https:\/\/rennes-le-chateau.org\/index.php\/wp-json\/wp\/v2\/media?parent=695"}],"curies":[{"name":"wp","href":"https:\/\/api.w.org\/{rel}","templated":true}]}}