{"id":48,"date":"2018-04-30T10:07:35","date_gmt":"2018-04-30T08:07:35","guid":{"rendered":"http:\/\/rennes-le-chateau.org\/?page_id=48"},"modified":"2019-08-17T10:49:45","modified_gmt":"2019-08-17T08:49:45","slug":"accueil","status":"publish","type":"page","link":"https:\/\/rennes-le-chateau.org\/","title":{"rendered":"Accueil"},"content":{"rendered":"<p>Le Site Internet <strong><span style=\"color: #ff6600;\">Rennes-Le-Ch\u00e2teau &#8211; Le Dossier !<\/span> <\/strong>vous permet d&#8217;entrer pleinement dans <span style=\"color: #ff6600;\">la fameuse affaire de Rennes-Le-Ch\u00e2teau<\/span>. Cr\u00e9\u00e9 en 1998 et r\u00e9guli\u00e8rement mis \u00e0 jour et en \u00e9volution constante, il est <span style=\"color: #ff6600;\">le point de passage incontournable du Web<\/span> pour les chercheurs et les curieux s\u00e9rieux.<\/p>\n<p>Le respect de chacun et de leurs id\u00e9es et l&#8217;un des crit\u00e8res primordial de ce site Internet<\/p>\n<p><a href=\"https:\/\/rennes-le-chateau.org\/index.php\/contact\/\"><span style=\"color: #ff6600;\">Jean-Patrick Pourtal, son auteur et webmaster<\/span><\/a>, s&#8217;attache \u00e0 proposer des r\u00e9flexions faisant avancer les recherches sur cette incroyable affaire tant au travers <span style=\"color: #ff6600;\">des textes<\/span>, que vous pouvez t\u00e9l\u00e9charger au format PDF, qu&#8217;en <span style=\"color: #ff6600;\">vid\u00e9o issues de ces vid\u00e9os-conf\u00e9rences<\/span> diffus\u00e9es sur YouTube.<\/p>\n<p style=\"text-align: center;\"><div id=\"metaslider-id-477\" style=\"max-width: 500px; margin: 0 auto;\" class=\"ml-slider-3-98-0 metaslider metaslider-flex metaslider-477 ml-slider ms-theme-default\" role=\"region\" aria-roledescription=\"Slideshow\" aria-label=\"Eglise-RLC-01\" data-width=\"500\">\n    <div id=\"metaslider_container_477\">\n        <div id=\"metaslider_477\" class=\"flexslider\">\n            <ul class='slides'>\n                <li style=\"display: block; width: 100%;\" class=\"slide-501 ms-image \" aria-roledescription=\"slide\" aria-label=\"slide-501\" data-date=\"2018-05-06 18:23:03\"><img data-recalc-dims=\"1\" loading=\"lazy\" decoding=\"async\" src=\"https:\/\/i0.wp.com\/rennes-le-chateau.org\/wp-content\/uploads\/2018\/05\/EGL0010-1.jpg?resize=500%2C332&#038;ssl=1\" height=\"332\" width=\"500\" alt=\"Le glyphe sur le b\u00e9nitier de l&#039;\u00e9glise de Rennes-Le-Ch\u00e2teau\" class=\"slider-477 slide-501\" title=\"EGL0010\" \/><\/li>\n                <li style=\"display: none; width: 100%;\" class=\"slide-502 ms-image \" aria-roledescription=\"slide\" aria-label=\"slide-502\" data-date=\"2018-05-06 18:23:03\"><img data-recalc-dims=\"1\" loading=\"lazy\" decoding=\"async\" src=\"https:\/\/i0.wp.com\/rennes-le-chateau.org\/wp-content\/uploads\/2018\/05\/EGL0009-1.jpg?resize=500%2C332&#038;ssl=1\" height=\"332\" width=\"500\" alt=\"La ronde-bosse au pied de l&#039;autel de l&#039;\u00e9glise de Rennes-Le-Ch\u00e2teau repr\u00e9sentant Marie-Madeleine dans une grotte\" class=\"slider-477 slide-502\" title=\"EGL0009\" \/><\/li>\n                <li style=\"display: none; width: 100%;\" class=\"slide-503 ms-image \" aria-roledescription=\"slide\" aria-label=\"slide-503\" data-date=\"2018-05-06 18:23:03\"><img data-recalc-dims=\"1\" loading=\"lazy\" decoding=\"async\" src=\"https:\/\/i0.wp.com\/rennes-le-chateau.org\/wp-content\/uploads\/2018\/05\/EGL0008-1.jpg?resize=500%2C332&#038;ssl=1\" height=\"332\" width=\"500\" alt=\"Le nef de l&#039;\u00e9glise de Rennes-Le-Ch\u00e2teau\" class=\"slider-477 slide-503\" title=\"EGL0008\" \/><\/li>\n                <li style=\"display: none; width: 100%;\" class=\"slide-504 ms-image \" aria-roledescription=\"slide\" aria-label=\"slide-504\" data-date=\"2018-05-06 18:23:03\"><img data-recalc-dims=\"1\" loading=\"lazy\" decoding=\"async\" src=\"https:\/\/i0.wp.com\/rennes-le-chateau.org\/wp-content\/uploads\/2018\/05\/EGL0007-1.jpg?resize=500%2C332&#038;ssl=1\" height=\"332\" width=\"500\" alt=\"\" class=\"slider-477 slide-504\" title=\"EGL0007\" \/><\/li>\n                <li style=\"display: none; width: 100%;\" class=\"slide-505 ms-image \" aria-roledescription=\"slide\" aria-label=\"slide-505\" data-date=\"2018-05-06 18:23:03\"><img data-recalc-dims=\"1\" loading=\"lazy\" decoding=\"async\" src=\"https:\/\/i0.wp.com\/rennes-le-chateau.org\/wp-content\/uploads\/2018\/05\/EGL0004-1.jpg?resize=500%2C332&#038;ssl=1\" height=\"332\" width=\"500\" alt=\"La ronde-bosse et la fresque de l&#039;\u00e9glise de Rennes-Le-Ch\u00e2teau\" class=\"slider-477 slide-505\" title=\"EGL0004\" \/><\/li>\n                <li style=\"display: none; width: 100%;\" class=\"slide-506 ms-image \" aria-roledescription=\"slide\" aria-label=\"slide-506\" data-date=\"2018-05-06 18:23:03\"><img data-recalc-dims=\"1\" loading=\"lazy\" decoding=\"async\" src=\"https:\/\/i0.wp.com\/rennes-le-chateau.org\/wp-content\/uploads\/2018\/05\/EGL0003-1.jpg?resize=500%2C332&#038;ssl=1\" height=\"332\" width=\"500\" alt=\"Le c\u0153ur de l&#039;\u00e9glise de Rennes-Le-Ch\u00e2teau poss\u00e9dant deux enfants J\u00e9sus se faisant face\" class=\"slider-477 slide-506\" title=\"EGL0003\" \/><\/li>\n                <li style=\"display: none; width: 100%;\" class=\"slide-507 ms-image \" aria-roledescription=\"slide\" aria-label=\"slide-507\" data-date=\"2018-05-06 18:23:04\"><img data-recalc-dims=\"1\" loading=\"lazy\" decoding=\"async\" src=\"https:\/\/i0.wp.com\/rennes-le-chateau.org\/wp-content\/uploads\/2018\/05\/EGL0002-1.jpg?resize=500%2C332&#038;ssl=1\" height=\"332\" width=\"500\" alt=\"Le fond de l&#039;\u00e9glise de Rennes-Le-Ch\u00e2teau\" class=\"slider-477 slide-507\" title=\"EGL0002\" \/><\/li>\n                <li style=\"display: none; width: 100%;\" class=\"slide-508 ms-image \" aria-roledescription=\"slide\" aria-label=\"slide-508\" data-date=\"2018-05-06 18:23:04\"><img data-recalc-dims=\"1\" loading=\"lazy\" decoding=\"async\" src=\"https:\/\/i0.wp.com\/rennes-le-chateau.org\/wp-content\/uploads\/2018\/05\/EGL0001-1.jpg?resize=500%2C332&#038;ssl=1\" height=\"332\" width=\"500\" alt=\"\" class=\"slider-477 slide-508\" title=\"EGL0001\" \/><\/li>\n            <\/ul>\n        <\/div>\n        \n    <\/div>\n<\/div><\/p>\n","protected":false},"excerpt":{"rendered":"<p>Le Site Internet Rennes-Le-Ch\u00e2teau &#8211; Le Dossier ! vous permet d&#8217;entrer pleinement dans la fameuse affaire de Rennes-Le-Ch\u00e2teau. Cr\u00e9\u00e9 en 1998 et r\u00e9guli\u00e8rement mis \u00e0 jour et en \u00e9volution constante, il est le point de passage incontournable du Web pour les chercheurs et les curieux s\u00e9rieux. Le respect de chacun et de leurs id\u00e9es et &hellip; <\/p>\n<p class=\"link-more\"><a href=\"https:\/\/rennes-le-chateau.org\/\" class=\"more-link\">Continuer la lecture<span class=\"screen-reader-text\"> de &laquo;&nbsp;Accueil&nbsp;&raquo;<\/span><\/a><\/p>\n","protected":false},"author":1,"featured_media":0,"parent":0,"menu_order":0,"comment_status":"closed","ping_status":"closed","template":"","meta":{"jetpack_post_was_ever_published":false,"footnotes":""},"class_list":["post-48","page","type-page","status-publish","hentry"],"jetpack_sharing_enabled":true,"jetpack_shortlink":"https:\/\/wp.me\/P9SxBn-M","_links":{"self":[{"href":"https:\/\/rennes-le-chateau.org\/index.php\/wp-json\/wp\/v2\/pages\/48","targetHints":{"allow":["GET"]}}],"collection":[{"href":"https:\/\/rennes-le-chateau.org\/index.php\/wp-json\/wp\/v2\/pages"}],"about":[{"href":"https:\/\/rennes-le-chateau.org\/index.php\/wp-json\/wp\/v2\/types\/page"}],"author":[{"embeddable":true,"href":"https:\/\/rennes-le-chateau.org\/index.php\/wp-json\/wp\/v2\/users\/1"}],"replies":[{"embeddable":true,"href":"https:\/\/rennes-le-chateau.org\/index.php\/wp-json\/wp\/v2\/comments?post=48"}],"version-history":[{"count":12,"href":"https:\/\/rennes-le-chateau.org\/index.php\/wp-json\/wp\/v2\/pages\/48\/revisions"}],"predecessor-version":[{"id":1302,"href":"https:\/\/rennes-le-chateau.org\/index.php\/wp-json\/wp\/v2\/pages\/48\/revisions\/1302"}],"wp:attachment":[{"href":"https:\/\/rennes-le-chateau.org\/index.php\/wp-json\/wp\/v2\/media?parent=48"}],"curies":[{"name":"wp","href":"https:\/\/api.w.org\/{rel}","templated":true}]}}

<p>Le Site Internet <strong><span style="color: #ff6600;">Rennes-Le-Château &#8211; Le Dossier !</span> </strong>vous permet d&#8217;entrer pleinement dans <span style="color: #ff6600;">la fameuse affaire de Rennes-Le-Château</span>. Créé en 1998 et régulièrement mis à jour et en évolution constante, il est <span style="color: #ff6600;">le point de passage incontournable du Web</span> pour les chercheurs et les curieux sérieux.</p>
<p>Le respect de chacun et de leurs idées et l&#8217;un des critères primordial de ce site Internet</p>
<p><a href="https://rennes-le-chateau.org/index.php/contact/"><span style="color: #ff6600;">Jean-Patrick Pourtal, son auteur et webmaster</span></a>, s&#8217;attache à proposer des réflexions faisant avancer les recherches sur cette incroyable affaire tant au travers <span style="color: #ff6600;">des textes</span>, que vous pouvez télécharger au format PDF, qu&#8217;en <span style="color: #ff6600;">vidéo issues de ces vidéos-conférences</span> diffusées sur YouTube.</p>
<p style="text-align: center;"><div id="metaslider-id-477" style="max-width: 500px; margin: 0 auto;" class="ml-slider-3-98-0 metaslider metaslider-flex metaslider-477 ml-slider ms-theme-default" role="region" aria-roledescription="Slideshow" aria-label="Eglise-RLC-01" data-width="500">
    <div id="metaslider_container_477">
        <div id="metaslider_477" class="flexslider">
            <ul class='slides'>
                <li style="display: block; width: 100%;" class="slide-501 ms-image " aria-roledescription="slide" aria-label="slide-501" data-date="2018-05-06 18:23:03"><img data-recalc-dims="1" loading="lazy" decoding="async" src="https://i0.wp.com/rennes-le-chateau.org/wp-content/uploads/2018/05/EGL0010-1.jpg?resize=500%2C332&#038;ssl=1" height="332" width="500" alt="Le glyphe sur le bénitier de l&#039;église de Rennes-Le-Château" class="slider-477 slide-501" title="EGL0010" /></li>
                <li style="display: none; width: 100%;" class="slide-502 ms-image " aria-roledescription="slide" aria-label="slide-502" data-date="2018-05-06 18:23:03"><img data-recalc-dims="1" loading="lazy" decoding="async" src="https://i0.wp.com/rennes-le-chateau.org/wp-content/uploads/2018/05/EGL0009-1.jpg?resize=500%2C332&#038;ssl=1" height="332" width="500" alt="La ronde-bosse au pied de l&#039;autel de l&#039;église de Rennes-Le-Château représentant Marie-Madeleine dans une grotte" class="slider-477 slide-502" title="EGL0009" /></li>
                <li style="display: none; width: 100%;" class="slide-503 ms-image " aria-roledescription="slide" aria-label="slide-503" data-date="2018-05-06 18:23:03"><img data-recalc-dims="1" loading="lazy" decoding="async" src="https://i0.wp.com/rennes-le-chateau.org/wp-content/uploads/2018/05/EGL0008-1.jpg?resize=500%2C332&#038;ssl=1" height="332" width="500" alt="Le nef de l&#039;église de Rennes-Le-Château" class="slider-477 slide-503" title="EGL0008" /></li>
                <li style="display: none; width: 100%;" class="slide-504 ms-image " aria-roledescription="slide" aria-label="slide-504" data-date="2018-05-06 18:23:03"><img data-recalc-dims="1" loading="lazy" decoding="async" src="https://i0.wp.com/rennes-le-chateau.org/wp-content/uploads/2018/05/EGL0007-1.jpg?resize=500%2C332&#038;ssl=1" height="332" width="500" alt="" class="slider-477 slide-504" title="EGL0007" /></li>
                <li style="display: none; width: 100%;" class="slide-505 ms-image " aria-roledescription="slide" aria-label="slide-505" data-date="2018-05-06 18:23:03"><img data-recalc-dims="1" loading="lazy" decoding="async" src="https://i0.wp.com/rennes-le-chateau.org/wp-content/uploads/2018/05/EGL0004-1.jpg?resize=500%2C332&#038;ssl=1" height="332" width="500" alt="La ronde-bosse et la fresque de l&#039;église de Rennes-Le-Château" class="slider-477 slide-505" title="EGL0004" /></li>
                <li style="display: none; width: 100%;" class="slide-506 ms-image " aria-roledescription="slide" aria-label="slide-506" data-date="2018-05-06 18:23:03"><img data-recalc-dims="1" loading="lazy" decoding="async" src="https://i0.wp.com/rennes-le-chateau.org/wp-content/uploads/2018/05/EGL0003-1.jpg?resize=500%2C332&#038;ssl=1" height="332" width="500" alt="Le cœur de l&#039;église de Rennes-Le-Château possédant deux enfants Jésus se faisant face" class="slider-477 slide-506" title="EGL0003" /></li>
                <li style="display: none; width: 100%;" class="slide-507 ms-image " aria-roledescription="slide" aria-label="slide-507" data-date="2018-05-06 18:23:04"><img data-recalc-dims="1" loading="lazy" decoding="async" src="https://i0.wp.com/rennes-le-chateau.org/wp-content/uploads/2018/05/EGL0002-1.jpg?resize=500%2C332&#038;ssl=1" height="332" width="500" alt="Le fond de l&#039;église de Rennes-Le-Château" class="slider-477 slide-507" title="EGL0002" /></li>
                <li style="display: none; width: 100%;" class="slide-508 ms-image " aria-roledescription="slide" aria-label="slide-508" data-date="2018-05-06 18:23:04"><img data-recalc-dims="1" loading="lazy" decoding="async" src="https://i0.wp.com/rennes-le-chateau.org/wp-content/uploads/2018/05/EGL0001-1.jpg?resize=500%2C332&#038;ssl=1" height="332" width="500" alt="" class="slider-477 slide-508" title="EGL0001" /></li>
            </ul>
        </div>
        
    </div>
</div></p>

<p>Le Site Internet Rennes-Le-Château &#8211; Le Dossier ! vous permet d&#8217;entrer pleinement dans la fameuse affaire de Rennes-Le-Château. Créé en 1998 et régulièrement mis à jour et en évolution constante, il est le point de passage incontournable du Web pour les chercheurs et les curieux sérieux. Le respect de chacun et de leurs idées et &hellip; </p>
<p class="link-more"><a href="https://rennes-le-chateau.org/" class="more-link">Continuer la lecture<span class="screen-reader-text"> de &laquo;&nbsp;Accueil&nbsp;&raquo;</span></a></p>
