{"id":237,"date":"2018-05-02T09:15:00","date_gmt":"2018-05-02T07:15:00","guid":{"rendered":"http:\/\/rennes-le-chateau.org\/?page_id=237"},"modified":"2019-08-17T15:29:14","modified_gmt":"2019-08-17T13:29:14","slug":"la-mort-etrange-de-berenger-sauniere","status":"publish","type":"page","link":"https:\/\/rennes-le-chateau.org\/index.php\/le-site\/laffaire-berenger-sauniere\/des-elements-etranges\/la-mort-etrange-de-berenger-sauniere\/","title":{"rendered":"La mort \u00e9trange de B\u00e9renger Sauni\u00e8re"},"content":{"rendered":"<h6><span style=\"color: #808080;\"><a href=\"https:\/\/rennes-le-chateau.org\/\"><span style=\"color: #999999;\">Accueil<\/span><\/a> \/<span style=\"color: #999999;\"> <a style=\"color: #999999;\" href=\"https:\/\/rennes-le-chateau.org\/index.php\/le-site\/\">Etudes et Analyses<\/a><\/span><\/span> \/ <span style=\"color: #999999;\"><a style=\"color: #999999;\" href=\"https:\/\/rennes-le-chateau.org\/index.php\/laffaire-berenger-sauniere\/\">L&#8217;affaire B\u00e9renger Sauni\u00e8re<\/a><\/span>\u00a0 \/<span style=\"color: #808080;\">\u00a0<span style=\"color: #999999;\"><a style=\"color: #999999;\" href=\"https:\/\/rennes-le-chateau.org\/index.php\/des-elements-etranges\/\">Des \u00e9l\u00e9ments \u00e9tranges<\/a><\/span><\/span><\/h6>\n<p style=\"text-align: center;\"><div id=\"metaslider-id-563\" style=\"max-width: 400px; margin: 0 auto;\" class=\"ml-slider-3-98-0 metaslider metaslider-flex metaslider-563 ml-slider ms-theme-default\" role=\"region\" aria-roledescription=\"Slideshow\" aria-label=\"SS05-SAUN\" data-width=\"400\">\n    <div id=\"metaslider_container_563\">\n        <div id=\"metaslider_563\" class=\"flexslider\">\n            <ul class='slides'>\n                <li style=\"display: block; width: 100%;\" class=\"slide-666 ms-image \" aria-roledescription=\"slide\" aria-label=\"slide-666\" data-date=\"2018-05-09 11:12:56\"><img data-recalc-dims=\"1\" loading=\"lazy\" decoding=\"async\" src=\"https:\/\/i0.wp.com\/rennes-le-chateau.org\/wp-content\/uploads\/2018\/05\/SAUN006.jpg?resize=400%2C532&#038;ssl=1\" height=\"532\" width=\"400\" alt=\"B\u00e9renger Sauni\u00e8re cur\u00e9 de Rennes-Le-Ch\u00e2teau avec Marie D\u00e9narnaud\" class=\"slider-563 slide-666\" title=\"SAUN006\" \/><\/li>\n                <li style=\"display: none; width: 100%;\" class=\"slide-667 ms-image \" aria-roledescription=\"slide\" aria-label=\"slide-667\" data-date=\"2018-05-09 11:13:12\"><img data-recalc-dims=\"1\" loading=\"lazy\" decoding=\"async\" src=\"https:\/\/i0.wp.com\/rennes-le-chateau.org\/wp-content\/uploads\/2018\/05\/SAUN005.jpg?resize=400%2C532&#038;ssl=1\" height=\"532\" width=\"400\" alt=\"B\u00e9renger Sauni\u00e8re cur\u00e9 de Rennes-Le-Ch\u00e2teau avec des ouvriers de ses chantiers\" class=\"slider-563 slide-667\" title=\"SAUN005\" \/><\/li>\n                <li style=\"display: none; width: 100%;\" class=\"slide-668 ms-image \" aria-roledescription=\"slide\" aria-label=\"slide-668\" data-date=\"2018-05-09 11:13:13\"><img data-recalc-dims=\"1\" loading=\"lazy\" decoding=\"async\" src=\"https:\/\/i0.wp.com\/rennes-le-chateau.org\/wp-content\/uploads\/2018\/05\/SAUN004.jpg?resize=400%2C532&#038;ssl=1\" height=\"532\" width=\"400\" alt=\"B\u00e9renger Sauni\u00e8re cur\u00e9 de Rennes-Le-Ch\u00e2teau en famille\" class=\"slider-563 slide-668\" title=\"SAUN004\" \/><\/li>\n                <li style=\"display: none; width: 100%;\" class=\"slide-669 ms-image \" aria-roledescription=\"slide\" aria-label=\"slide-669\" data-date=\"2018-05-09 11:13:13\"><img data-recalc-dims=\"1\" loading=\"lazy\" decoding=\"async\" src=\"https:\/\/i0.wp.com\/rennes-le-chateau.org\/wp-content\/uploads\/2018\/05\/SAUN003.jpg?resize=400%2C532&#038;ssl=1\" height=\"532\" width=\"400\" alt=\"Photo prise par B\u00e9renger Sauni\u00e8re cur\u00e9 de Rennes-Le-Ch\u00e2teau\" class=\"slider-563 slide-669\" title=\"SAUN003\" \/><\/li>\n                <li style=\"display: none; width: 100%;\" class=\"slide-670 ms-image \" aria-roledescription=\"slide\" aria-label=\"slide-670\" data-date=\"2018-05-09 11:13:13\"><img data-recalc-dims=\"1\" loading=\"lazy\" decoding=\"async\" src=\"https:\/\/i0.wp.com\/rennes-le-chateau.org\/wp-content\/uploads\/2018\/05\/SAUN002.jpg?resize=400%2C532&#038;ssl=1\" height=\"532\" width=\"400\" alt=\"B\u00e9renger Sauni\u00e8re cur\u00e9 de Rennes-Le-Ch\u00e2teau posant en habits sacerdotaux pour le photographe\" class=\"slider-563 slide-670\" title=\"SAUN002\" \/><\/li>\n                <li style=\"display: none; width: 100%;\" class=\"slide-671 ms-image \" aria-roledescription=\"slide\" aria-label=\"slide-671\" data-date=\"2018-05-09 11:13:13\"><img data-recalc-dims=\"1\" loading=\"lazy\" decoding=\"async\" src=\"https:\/\/i0.wp.com\/rennes-le-chateau.org\/wp-content\/uploads\/2018\/05\/SAUN001.jpg?resize=400%2C532&#038;ssl=1\" height=\"532\" width=\"400\" alt=\"B\u00e9renger Sauni\u00e8re cur\u00e9 de Rennes-Le-Ch\u00e2teau en famille devant le reposoir\" class=\"slider-563 slide-671\" title=\"SAUN001\" \/><\/li>\n                <li style=\"display: none; width: 100%;\" class=\"slide-672 ms-image \" aria-roledescription=\"slide\" aria-label=\"slide-672\" data-date=\"2018-05-09 11:13:13\"><img data-recalc-dims=\"1\" loading=\"lazy\" decoding=\"async\" src=\"https:\/\/i0.wp.com\/rennes-le-chateau.org\/wp-content\/uploads\/2018\/05\/SAUN007.jpg?resize=400%2C532&#038;ssl=1\" height=\"532\" width=\"400\" alt=\"B\u00e9renger Sauni\u00e8re cur\u00e9 de Rennes-Le-Ch\u00e2teau lors de la communion des enfants du village\" class=\"slider-563 slide-672\" title=\"SAUN007\" \/><\/li>\n            <\/ul>\n        <\/div>\n        \n    <\/div>\n<\/div><\/p>\n<p><span style=\"font-size: 1rem;\"><span style=\"color: #ff6600;\">Par un d\u00e9but de soir\u00e9e de janvier 1917,<\/span> B\u00e9renger Sauni\u00e8re se tient sur la Tour Magdala d&#8217;o\u00f9 il admire le paysage bouscul\u00e9 par les \u00e9l\u00e9ments de ce mois d&#8217;hiver. Il se rem\u00e9more son arriv\u00e9e au village, ses implications politiques et son intransigeance due \u00e0 son engagement religieux sans failles jusque-l\u00e0.Il se souvient de la d\u00e9couverte fortuite de la <span style=\"color: #ff6600;\">Dalle des Chevaliers<\/span> qui sera le bout de laine d\u00e9passant de la pelote qu&#8217;il tirera et qui le conduira vers des horizons qu&#8217;il n&#8217;aurait jamais imagin\u00e9.<\/span><\/p>\n<p>Il se souvient aussi que gr\u00e2ce \u00e0 ses d\u00e9couvertes importantes il aura eu \u00e9norm\u00e9ment d&#8217;argent&#8230; Un sourire l\u00e9ger se dessine sur son visage. Puis il se rappelle de <span style=\"color: #ff6600;\">la teneur du secret qu&#8217;il a d\u00e9couvert,<\/span> ce m\u00eame secret qui le change\u00e2t \u00e0 tout jamais et dont il porte la marque ind\u00e9l\u00e9bile au plus profond de son \u00e2me et de son c\u0153ur.<\/p>\n<p>Ce c\u0153ur dont il prend conscience qu&#8217;il lui fait mal, une douleur terrible emplie sa poitrine, il ne peut plus respirer. Il faut qu&#8217;il appelle <span style=\"color: #ff6600;\">Marie sa servante<\/span>, mais aucun son ne peut sortir de sa bouche, il parvient \u00e0 descendre les marches de l&#8217;escalier de la Tour Magdala mais arriv\u00e9 dans la pi\u00e8ce principale, qui lui sert de biblioth\u00e8que, il s&#8217;\u00e9croule.<\/p>\n<p><span style=\"color: #ff6600;\">Marie D\u00e9narnaud,<\/span> sa servante, inqui\u00e8te, le cherche \u00e0 cette heure tardive de ce mois de janvier terriblement froid. Elle se rend \u00e0 la Tour Magdala, pousse la porte &#8230; Elle pousse un cri : <span style=\"color: #ff6600;\">B\u00e9renger Sauni\u00e8re est \u00e9tendue sur le sol, inconscient &#8230;<\/span><\/p>\n<p><iframe loading=\"lazy\" title=\"03-Rennes-Le-Ch\u00e2teau La Mort de B\u00e9renger Sauni\u00e8re\" width=\"525\" height=\"295\" src=\"https:\/\/www.youtube.com\/embed\/6uaKutBvNc0?feature=oembed\" frameborder=\"0\" allow=\"accelerometer; autoplay; clipboard-write; encrypted-media; gyroscope; picture-in-picture; web-share\" referrerpolicy=\"strict-origin-when-cross-origin\" allowfullscreen><\/iframe><\/p>\n<p><img data-recalc-dims=\"1\" loading=\"lazy\" decoding=\"async\" class=\"alignleft wp-image-1609 size-full\" src=\"https:\/\/i0.wp.com\/rennes-le-chateau.org\/wp-content\/uploads\/2019\/08\/IconeHP-e1566047268923.png?resize=25%2C25&#038;ssl=1\" alt=\"\" width=\"25\" height=\"25\" align=\"absmiddle\" \/>T\u00e9l\u00e9charger le fichier audio de la vid\u00e9o : <span style=\"color: #ff6600;\"><strong><a style=\"color: #ff6600;\" href=\"https:\/\/rennes-le-chateau.org\/wp-content\/uploads\/2019\/08\/03-Rennes-Le-Ch\u00e2teau-La-Mort-de-B\u00e9renger-Sauni\u00e8re.zip\">La Mort de B\u00e9renger Sauni\u00e8re<\/a><\/strong><\/span><\/p>\n","protected":false},"excerpt":{"rendered":"<p>Accueil \/ Etudes et Analyses \/ L&#8217;affaire B\u00e9renger Sauni\u00e8re\u00a0 \/\u00a0Des \u00e9l\u00e9ments \u00e9tranges Par un d\u00e9but de soir\u00e9e de janvier 1917, B\u00e9renger Sauni\u00e8re se tient sur la Tour Magdala d&#8217;o\u00f9 il admire le paysage bouscul\u00e9 par les \u00e9l\u00e9ments de ce mois d&#8217;hiver. Il se rem\u00e9more son arriv\u00e9e au village, ses implications politiques et son intransigeance due &hellip; <\/p>\n<p class=\"link-more\"><a href=\"https:\/\/rennes-le-chateau.org\/index.php\/le-site\/laffaire-berenger-sauniere\/des-elements-etranges\/la-mort-etrange-de-berenger-sauniere\/\" class=\"more-link\">Continuer la lecture<span class=\"screen-reader-text\"> de &laquo;&nbsp;La mort \u00e9trange de B\u00e9renger Sauni\u00e8re&nbsp;&raquo;<\/span><\/a><\/p>\n","protected":false},"author":1,"featured_media":0,"parent":127,"menu_order":0,"comment_status":"open","ping_status":"closed","template":"","meta":{"jetpack_post_was_ever_published":false,"footnotes":""},"class_list":["post-237","page","type-page","status-publish","hentry"],"jetpack_sharing_enabled":true,"jetpack_shortlink":"https:\/\/wp.me\/P9SxBn-3P","_links":{"self":[{"href":"https:\/\/rennes-le-chateau.org\/index.php\/wp-json\/wp\/v2\/pages\/237","targetHints":{"allow":["GET"]}}],"collection":[{"href":"https:\/\/rennes-le-chateau.org\/index.php\/wp-json\/wp\/v2\/pages"}],"about":[{"href":"https:\/\/rennes-le-chateau.org\/index.php\/wp-json\/wp\/v2\/types\/page"}],"author":[{"embeddable":true,"href":"https:\/\/rennes-le-chateau.org\/index.php\/wp-json\/wp\/v2\/users\/1"}],"replies":[{"embeddable":true,"href":"https:\/\/rennes-le-chateau.org\/index.php\/wp-json\/wp\/v2\/comments?post=237"}],"version-history":[{"count":12,"href":"https:\/\/rennes-le-chateau.org\/index.php\/wp-json\/wp\/v2\/pages\/237\/revisions"}],"predecessor-version":[{"id":1685,"href":"https:\/\/rennes-le-chateau.org\/index.php\/wp-json\/wp\/v2\/pages\/237\/revisions\/1685"}],"up":[{"embeddable":true,"href":"https:\/\/rennes-le-chateau.org\/index.php\/wp-json\/wp\/v2\/pages\/127"}],"wp:attachment":[{"href":"https:\/\/rennes-le-chateau.org\/index.php\/wp-json\/wp\/v2\/media?parent=237"}],"curies":[{"name":"wp","href":"https:\/\/api.w.org\/{rel}","templated":true}]}}