{"id":1092,"date":"2018-08-14T11:53:53","date_gmt":"2018-08-14T09:53:53","guid":{"rendered":"https:\/\/rennes-le-chateau.org\/?page_id=1092"},"modified":"2019-09-02T16:32:09","modified_gmt":"2019-09-02T14:32:09","slug":"le-chemin-de-croix-de-rennes-le-chateau-station-viii","status":"publish","type":"page","link":"https:\/\/rennes-le-chateau.org\/index.php\/le-site\/laffaire-berenger-sauniere\/les-travaux-de-berenger-sauniere\/le-chemin-de-croix-de-rennes-le-chateau\/le-chemin-de-croix-de-rennes-le-chateau-station-viii\/","title":{"rendered":"Le Chemin de Croix de Rennes-Le-Ch\u00e2teau &#8211; Station VIII"},"content":{"rendered":"<p><a href=\"https:\/\/rennes-le-chateau.org\/index.php\/le-chemin-de-croix-de-rennes-le-chateau\/\"><em>Retour Chemin de croix<\/em><\/a><\/p>\n<p><img data-recalc-dims=\"1\" loading=\"lazy\" decoding=\"async\" class=\"aligncenter size-large wp-image-1107\" src=\"https:\/\/i0.wp.com\/rennes-le-chateau.org\/wp-content\/uploads\/2018\/08\/CDC-08.jpg?resize=525%2C349&#038;ssl=1\" alt=\"Station VIII du chemin de croix de l'\u00e9glise de Rennes-Le-Ch\u00e2teau\" width=\"525\" height=\"349\" \/><\/p>\n<p>Si l&#8217;est une station du chemin de croix de Rennes-Le-Ch\u00e2teau qui fait couler beaucoup d&#8217;encre,<span style=\"color: #ff6600;\"> il s&#8217;agit bien de la Station VIII<\/span> !<\/p>\n<p>Il est vrai qu&#8217;elle pr\u00e9sente des d\u00e9tails que l&#8217;on ne trouve pas ailleurs et notamment <span style=\"color: #ff6600;\">sur le Chemin de Croix de Rocamadour<\/span> qui fut\u00a0<span style=\"font-size: 1rem;\">\u00e9galement\u00a0<\/span><span style=\"font-size: 1rem;\">r\u00e9alis\u00e9\u00a0 par <span style=\"color: #ff6600;\">la Manufacture de statuaire Toulousaine Giscard<\/span>.<\/span><\/p>\n<p>Le premier d\u00e9tail qui attire l\u2019\u0153il du curieux est cet enfant qui se blottit dans les bras d&#8217;une jeune femme. <span style=\"color: #ff6600;\">A moiti\u00e9 nu, il est envelopp\u00e9 d&#8217;une couverture aux motifs des tartans &#8230; \u00c9cossais<\/span> ! Que peut bien vouloir repr\u00e9senter cette couverture qui, visiblement, n&#8217;a pas lieu d&#8217;\u00eatre ici ?<\/p>\n<p>La r\u00e9ponse nous viendra, peut-\u00eatre, apr\u00e8s l&#8217;analyse de l&#8217;autre d\u00e9tail, \u00e0 savoir <span style=\"color: #ff6600;\">la pr\u00e9sence de cette femme plus \u00e2g\u00e9e<\/span>\u00a0 habill\u00e9e de noir et en second plan de la jeune femme \u00e0 l&#8217;enfant. Elle baise la toge du Christ en signe de respect et d&#8217;amour.<\/p>\n<p>Cette femme habill\u00e9e de noir, rappelle ces femmes en deuils qui tout le reste de leur vie le porte jusqu&#8217;\u00e0 leur propre mort, <span style=\"color: #ff6600;\">nous sommes donc devant la repr\u00e9sentation d&#8217;une Veuve<\/span>.<\/p>\n<p>Cet enfant envelopp\u00e9 dans un tartan et cette veuve ne peuvent que faire penser aux <span style=\"color: #ff6600;\">Enfants de la Veuve<\/span> terme utilis\u00e9 par <span style=\"color: #ff6600;\">les Francs-ma\u00e7ons<\/span>\u00a0 pour se d\u00e9signer entre eux et ici plus pr\u00e9cis\u00e9ment <span style=\"color: #ff6600;\">un clin d\u2019\u0153il aux Francs-ma\u00e7ons pratiquant le Rite \u00c9cossais Rectifi\u00e9 ou le Rites \u00c9cossais Ancien et Accept\u00e9<\/span>.<\/p>\n<p>Alors, Sauni\u00e8re a t-il voulu signifier <span style=\"color: #ff6600;\">un lien avec la Franc-ma\u00e7onnerie<\/span>, sachant que d\u00e9j\u00e0 dans l&#8217;\u00e9glise de Rennes-Le-Ch\u00e2teau nous avons des r\u00e9f\u00e9rences \u00e0 l&#8217;<span style=\"color: #ff6600;\">Ordre Initiatique de la Rose-Croix<\/span> ?<\/p>\n<p><span style=\"color: #ff6600;\">Deux Ordres Initiatiques<\/span> sont clairement identifi\u00e9s au sein de l&#8217;\u00e9glise de Rennes-Le-Ch\u00e2teau, en trouverons nous un autre ou des autres ? Pour le savoir, <a href=\"https:\/\/rennes-le-chateau.org\/index.php\/le-chemin-de-croix-de-rennes-le-chateau-station-x\/\"><strong><span style=\"color: #ff6600;\">il va \u00eatre n\u00e9cessaire d&#8217;\u00e9tudier la Station X du Chemin de Croix<\/span><\/strong><\/a>.<\/p>\n<p><strong><img data-recalc-dims=\"1\" loading=\"lazy\" decoding=\"async\" class=\"size-full wp-image-1609 alignleft\" src=\"https:\/\/i0.wp.com\/rennes-le-chateau.org\/wp-content\/uploads\/2019\/08\/IconeHP-e1566047268923.png?resize=25%2C25&#038;ssl=1\" alt=\"\" width=\"25\" height=\"25\" align=\"absmiddle\" \/>Ecoutez le texte de cette page au format MP3 :<\/strong><\/p>\n<!--[if lt IE 9]><script>document.createElement('audio');<\/script><![endif]-->\n<audio class=\"wp-audio-shortcode\" id=\"audio-1092-1\" preload=\"none\" style=\"width: 100%;\" controls=\"controls\"><source type=\"audio\/mpeg\" src=\"https:\/\/rennes-le-chateau.org\/wp-content\/uploads\/2019\/09\/SationVIII-02-MP.mp3?_=1\" \/><a href=\"https:\/\/rennes-le-chateau.org\/wp-content\/uploads\/2019\/09\/SationVIII-02-MP.mp3\">https:\/\/rennes-le-chateau.org\/wp-content\/uploads\/2019\/09\/SationVIII-02-MP.mp3<\/a><\/audio>\n<p><a href=\"https:\/\/rennes-le-chateau.org\/index.php\/le-chemin-de-croix-de-rennes-le-chateau\/\"><em>Retour Chemin de croix<\/em><\/a><\/p>\n","protected":false},"excerpt":{"rendered":"<p>Retour Chemin de croix Si l&#8217;est une station du chemin de croix de Rennes-Le-Ch\u00e2teau qui fait couler beaucoup d&#8217;encre, il s&#8217;agit bien de la Station VIII ! Il est vrai qu&#8217;elle pr\u00e9sente des d\u00e9tails que l&#8217;on ne trouve pas ailleurs et notamment sur le Chemin de Croix de Rocamadour qui fut\u00a0\u00e9galement\u00a0r\u00e9alis\u00e9\u00a0 par la Manufacture de &hellip; <\/p>\n<p class=\"link-more\"><a href=\"https:\/\/rennes-le-chateau.org\/index.php\/le-site\/laffaire-berenger-sauniere\/les-travaux-de-berenger-sauniere\/le-chemin-de-croix-de-rennes-le-chateau\/le-chemin-de-croix-de-rennes-le-chateau-station-viii\/\" class=\"more-link\">Continuer la lecture<span class=\"screen-reader-text\"> de &laquo;&nbsp;Le Chemin de Croix de Rennes-Le-Ch\u00e2teau &#8211; Station VIII&nbsp;&raquo;<\/span><\/a><\/p>\n","protected":false},"author":1,"featured_media":0,"parent":1082,"menu_order":0,"comment_status":"closed","ping_status":"closed","template":"","meta":{"jetpack_post_was_ever_published":false,"footnotes":""},"class_list":["post-1092","page","type-page","status-publish","hentry"],"jetpack_sharing_enabled":true,"jetpack_shortlink":"https:\/\/wp.me\/P9SxBn-hC","_links":{"self":[{"href":"https:\/\/rennes-le-chateau.org\/index.php\/wp-json\/wp\/v2\/pages\/1092","targetHints":{"allow":["GET"]}}],"collection":[{"href":"https:\/\/rennes-le-chateau.org\/index.php\/wp-json\/wp\/v2\/pages"}],"about":[{"href":"https:\/\/rennes-le-chateau.org\/index.php\/wp-json\/wp\/v2\/types\/page"}],"author":[{"embeddable":true,"href":"https:\/\/rennes-le-chateau.org\/index.php\/wp-json\/wp\/v2\/users\/1"}],"replies":[{"embeddable":true,"href":"https:\/\/rennes-le-chateau.org\/index.php\/wp-json\/wp\/v2\/comments?post=1092"}],"version-history":[{"count":9,"href":"https:\/\/rennes-le-chateau.org\/index.php\/wp-json\/wp\/v2\/pages\/1092\/revisions"}],"predecessor-version":[{"id":1804,"href":"https:\/\/rennes-le-chateau.org\/index.php\/wp-json\/wp\/v2\/pages\/1092\/revisions\/1804"}],"up":[{"embeddable":true,"href":"https:\/\/rennes-le-chateau.org\/index.php\/wp-json\/wp\/v2\/pages\/1082"}],"wp:attachment":[{"href":"https:\/\/rennes-le-chateau.org\/index.php\/wp-json\/wp\/v2\/media?parent=1092"}],"curies":[{"name":"wp","href":"https:\/\/api.w.org\/{rel}","templated":true}]}}