{"id":1090,"date":"2018-08-14T09:21:19","date_gmt":"2018-08-14T07:21:19","guid":{"rendered":"https:\/\/rennes-le-chateau.org\/?page_id=1090"},"modified":"2019-08-31T19:17:47","modified_gmt":"2019-08-31T17:17:47","slug":"le-chemin-de-croix-de-rennes-le-chateau-station-i","status":"publish","type":"page","link":"https:\/\/rennes-le-chateau.org\/index.php\/le-site\/laffaire-berenger-sauniere\/les-travaux-de-berenger-sauniere\/le-chemin-de-croix-de-rennes-le-chateau\/le-chemin-de-croix-de-rennes-le-chateau-station-i\/","title":{"rendered":"Le Chemin de Croix de Rennes-Le-Ch\u00e2teau &#8211; Station I"},"content":{"rendered":"<p><a href=\"https:\/\/rennes-le-chateau.org\/index.php\/le-chemin-de-croix-de-rennes-le-chateau\/\"><em>Retour Chemin de croix<\/em><\/a><\/p>\n<div align=\"center\"><img data-recalc-dims=\"1\" loading=\"lazy\" decoding=\"async\" class=\"aligncenter size-large wp-image-1100\" src=\"https:\/\/i0.wp.com\/rennes-le-chateau.org\/wp-content\/uploads\/2018\/08\/CDC-01.jpg?resize=525%2C349&#038;ssl=1\" alt=\"Station I du chemin de croix de l'\u00e9glise de Rennes-Le-Ch\u00e2teau\" width=\"525\" height=\"349\" \/><\/div>\n<p>Comme nous pouvons le voir, cette <span style=\"color: #ff6600;\">Station I du Chemin de Croix de Rennes-Le-Ch\u00e2teau<\/span>, repr\u00e9sente la pr\u00e9sentation de J\u00e9sus \u00e0 Pilate. Apr\u00e8s avoir pos\u00e9 la fameuse question &#8220;<span style=\"color: #ff6600;\"><em>Es tu le Roi des Juifs<\/em><\/span>&#8221; et que J\u00e9sus lui r\u00e9pond &#8220;<em><span style=\"color: #ff6600;\">Tu le dis<\/span><\/em>&#8220;, Pilate se lave les mains du sort qui est r\u00e9serv\u00e9 au Christ suite \u00e0 cette r\u00e9ponse.<\/p>\n<p>En effet, autant que <span style=\"color: #ff6600;\">pr\u00e9tendre \u00eatre le fils de Dieu<\/span> importe peu \u00e0 Pilate, puisque ceci rel\u00e8ve d&#8217;<span style=\"color: #ff6600;\">un probl\u00e8me religieux qui doit \u00eatre trait\u00e9 par le Sanh\u00e9drin<\/span>, autant que pr\u00e9tendre \u00eatre <span style=\"color: #ff6600;\">le Roi des Juifs<\/span> rel\u00e8ve d&#8217;un probl\u00e8me politique que <span style=\"color: #ff6600;\">Pilate ne peut admettre ; ainsi\u00a0 J\u00e9sus scelle lui m\u00eame son destin.<\/span><\/p>\n<p>Mais ce qui nous int\u00e9resse ici, n&#8217;est pas tant l\u2019histoire que pr\u00e9sente cette Station dans la passion du Christ <span style=\"color: #ff6600;\">mais bien diff\u00e9rents d\u00e9tails qui y apparaissent<\/span>.<\/p>\n<p>Le premier est la pr\u00e9sence de ce serviteur noir. <span style=\"color: #ff6600;\"><strong><u>Au temps de Sauni\u00e8re<\/u><\/strong>, les Noirs \u00e9taient appel\u00e9s des n\u00e8gres<\/span>, n&#8217;en d\u00e9plaisent aux bien pensants de notre \u00e9poque, ainsi nous avons donc un &#8220;<span style=\"color: #ff6600;\">n\u00e8gre<\/span>&#8221; qui pr\u00e9sente <span style=\"color: #ff6600;\">un plateau blanc<\/span> \u00e0 Ponce Pilate.<\/p>\n<p>L&#8217;all\u00e9gorie de cette repr\u00e9sentation est parlante et <span style=\"color: #ff6600;\">fait donc r\u00e9f\u00e9rence \u00e0 un &#8220;N\u00e8gre&#8221; et \u00e0 un &#8220;Blanc&#8221;<\/span> ou si l&#8217;on pr\u00e9f\u00e8re \u00e0 l\u2019\u00e9tymologie latine &#8220;<span style=\"color: #ff6600;\">Albus<\/span>&#8221; qui a donn\u00e9 les mots <span style=\"color: #ff6600;\">Able et Ablette voulant dire blanc<\/span>.<\/p>\n<p>Nous avons ici <span style=\"color: #ff6600;\">un rappel all\u00e9gorique \u00e0 une famille bien connue<\/span> dans l&#8217;histoire de Rennes-Le-Ch\u00e2teau, les <strong><span style=\"color: #ff6600;\">N\u00e8gre d&#8217;Able<\/span><\/strong>.<\/p>\n<p><span style=\"color: #ff6600;\">Cette station I<\/span> du chemin de croix de Rennes-Le-Ch\u00e2teau fait donc directement et &#8220;clairement<span style=\"color: #ff6600;\">&#8221; r\u00e9f\u00e9rence au N\u00e8gre d&#8217;Able et probablement \u00e0 la Marquise Marie de N\u00e8gre d&#8217;Ables.<\/span><\/p>\n<p>Un deuxi\u00e8me \u00e9l\u00e9ment de cette station attire l\u2019\u0153il du curieux :<span style=\"color: #ff6600;\"> La tenue de Ponce Pilate<\/span>. Il est exceptionnelle de voir Ponce Pilate repr\u00e9sent\u00e9 de la sorte <span style=\"color: #ff6600;\">portant un ch\u00e2le sur la t\u00e8te<\/span>. Ce type de tenue faisant plut\u00f4t penser \u00e0 <span style=\"color: #ff6600;\">un pr\u00eatre du Temple de J\u00e9rusalem, donc \u00e0 un membre du Sanh\u00e9drin.<\/span><\/p>\n<p><span style=\"color: #ff6600;\">Quel int\u00e9r\u00eat y a t-il \u00e0 repr\u00e9senter le procurateur Romain de la Jud\u00e9e ainsi ?\u00a0<\/span><\/p>\n<p><strong><img data-recalc-dims=\"1\" loading=\"lazy\" decoding=\"async\" class=\"size-full wp-image-1609 alignleft\" src=\"https:\/\/i0.wp.com\/rennes-le-chateau.org\/wp-content\/uploads\/2019\/08\/IconeHP-e1566047268923.png?resize=25%2C25&#038;ssl=1\" alt=\"\" width=\"25\" height=\"25\" align=\"absmiddle\" \/>Ecoutez le texte de cette page au format MP3 :<\/strong><\/p>\n<!--[if lt IE 9]><script>document.createElement('audio');<\/script><![endif]-->\n<audio class=\"wp-audio-shortcode\" id=\"audio-1090-1\" preload=\"none\" style=\"width: 100%;\" controls=\"controls\"><source type=\"audio\/mpeg\" src=\"https:\/\/rennes-le-chateau.org\/wp-content\/uploads\/2019\/08\/Station-I.mp3?_=1\" \/><a href=\"https:\/\/rennes-le-chateau.org\/wp-content\/uploads\/2019\/08\/Station-I.mp3\">https:\/\/rennes-le-chateau.org\/wp-content\/uploads\/2019\/08\/Station-I.mp3<\/a><\/audio>\n<p>&nbsp;<\/p>\n<p><a href=\"https:\/\/rennes-le-chateau.org\/index.php\/le-chemin-de-croix-de-rennes-le-chateau\/\"><em>Retour Chemin de croix<\/em><\/a><\/p>\n","protected":false},"excerpt":{"rendered":"<p>Retour Chemin de croix Comme nous pouvons le voir, cette Station I du Chemin de Croix de Rennes-Le-Ch\u00e2teau, repr\u00e9sente la pr\u00e9sentation de J\u00e9sus \u00e0 Pilate. Apr\u00e8s avoir pos\u00e9 la fameuse question &#8220;Es tu le Roi des Juifs&#8221; et que J\u00e9sus lui r\u00e9pond &#8220;Tu le dis&#8220;, Pilate se lave les mains du sort qui est r\u00e9serv\u00e9 &hellip; <\/p>\n<p class=\"link-more\"><a href=\"https:\/\/rennes-le-chateau.org\/index.php\/le-site\/laffaire-berenger-sauniere\/les-travaux-de-berenger-sauniere\/le-chemin-de-croix-de-rennes-le-chateau\/le-chemin-de-croix-de-rennes-le-chateau-station-i\/\" class=\"more-link\">Continuer la lecture<span class=\"screen-reader-text\"> de &laquo;&nbsp;Le Chemin de Croix de Rennes-Le-Ch\u00e2teau &#8211; Station I&nbsp;&raquo;<\/span><\/a><\/p>\n","protected":false},"author":1,"featured_media":0,"parent":1082,"menu_order":0,"comment_status":"closed","ping_status":"closed","template":"","meta":{"jetpack_post_was_ever_published":false,"footnotes":""},"class_list":["post-1090","page","type-page","status-publish","hentry"],"jetpack_sharing_enabled":true,"jetpack_shortlink":"https:\/\/wp.me\/P9SxBn-hA","_links":{"self":[{"href":"https:\/\/rennes-le-chateau.org\/index.php\/wp-json\/wp\/v2\/pages\/1090","targetHints":{"allow":["GET"]}}],"collection":[{"href":"https:\/\/rennes-le-chateau.org\/index.php\/wp-json\/wp\/v2\/pages"}],"about":[{"href":"https:\/\/rennes-le-chateau.org\/index.php\/wp-json\/wp\/v2\/types\/page"}],"author":[{"embeddable":true,"href":"https:\/\/rennes-le-chateau.org\/index.php\/wp-json\/wp\/v2\/users\/1"}],"replies":[{"embeddable":true,"href":"https:\/\/rennes-le-chateau.org\/index.php\/wp-json\/wp\/v2\/comments?post=1090"}],"version-history":[{"count":8,"href":"https:\/\/rennes-le-chateau.org\/index.php\/wp-json\/wp\/v2\/pages\/1090\/revisions"}],"predecessor-version":[{"id":1786,"href":"https:\/\/rennes-le-chateau.org\/index.php\/wp-json\/wp\/v2\/pages\/1090\/revisions\/1786"}],"up":[{"embeddable":true,"href":"https:\/\/rennes-le-chateau.org\/index.php\/wp-json\/wp\/v2\/pages\/1082"}],"wp:attachment":[{"href":"https:\/\/rennes-le-chateau.org\/index.php\/wp-json\/wp\/v2\/media?parent=1090"}],"curies":[{"name":"wp","href":"https:\/\/api.w.org\/{rel}","templated":true}]}}