{"id":1082,"date":"2018-08-14T08:39:53","date_gmt":"2018-08-14T06:39:53","guid":{"rendered":"https:\/\/rennes-le-chateau.org\/?page_id=1082"},"modified":"2019-08-10T15:33:56","modified_gmt":"2019-08-10T13:33:56","slug":"le-chemin-de-croix-de-rennes-le-chateau","status":"publish","type":"page","link":"https:\/\/rennes-le-chateau.org\/index.php\/le-site\/laffaire-berenger-sauniere\/les-travaux-de-berenger-sauniere\/le-chemin-de-croix-de-rennes-le-chateau\/","title":{"rendered":"Le Chemin de Croix de Rennes-Le-Ch\u00e2teau"},"content":{"rendered":"<h6><span style=\"color: #808080;\"><a href=\"https:\/\/rennes-le-chateau.org\/\"><span style=\"color: #999999;\">Accueil<\/span><\/a> \/<span style=\"color: #999999;\"> <a style=\"color: #999999;\" href=\"https:\/\/rennes-le-chateau.org\/index.php\/le-site\/\">Etudes et Analyses<\/a><\/span><\/span> \/ <span style=\"color: #999999;\"><a style=\"color: #999999;\" href=\"https:\/\/rennes-le-chateau.org\/index.php\/laffaire-berenger-sauniere\/\">L&#8217;affaire B\u00e9renger Sauni\u00e8re<\/a><\/span>\u00a0 \/<span style=\"color: #808080;\"><a style=\"color: #808080;\" href=\"https:\/\/rennes-le-chateau.org\/index.php\/les-travaux-de-berenger-sauniere\/\">\u00a0<span style=\"color: #999999;\">Les travaux de B\u00e9renger Sauni\u00e8re<\/span><\/a><\/span><\/h6>\n<p style=\"text-align: center;\"><div id=\"metaslider-id-1118\" style=\"max-width: 500px; margin: 0 auto;\" class=\"ml-slider-3-98-0 metaslider metaslider-flex metaslider-1118 ml-slider ms-theme-default\" role=\"region\" aria-roledescription=\"Slideshow\" aria-label=\"SS11-CDC-RLC\" data-width=\"500\">\n    <div id=\"metaslider_container_1118\">\n        <div id=\"metaslider_1118\" class=\"flexslider\">\n            <ul class='slides'>\n                <li style=\"display: block; width: 100%;\" class=\"slide-1119 ms-image \" aria-roledescription=\"slide\" aria-label=\"slide-1119\" data-date=\"2018-08-14 08:54:03\"><img data-recalc-dims=\"1\" loading=\"lazy\" decoding=\"async\" src=\"https:\/\/i0.wp.com\/rennes-le-chateau.org\/wp-content\/uploads\/2018\/08\/CDC-01-e1534229149631-300x180.jpg?resize=500%2C300&#038;ssl=1\" height=\"300\" width=\"500\" alt=\"Station I du chemin de croix de l&#039;\u00e9glise de Rennes-Le-Ch\u00e2teau\" class=\"slider-1118 slide-1119\" title=\"CDC-01\" \/><\/li>\n                <li style=\"display: none; width: 100%;\" class=\"slide-1120 ms-image \" aria-roledescription=\"slide\" aria-label=\"slide-1120\" data-date=\"2018-08-14 08:54:03\"><img data-recalc-dims=\"1\" loading=\"lazy\" decoding=\"async\" src=\"https:\/\/i0.wp.com\/rennes-le-chateau.org\/wp-content\/uploads\/2018\/08\/CDC-02-e1534229162630-300x180.jpg?resize=500%2C300&#038;ssl=1\" height=\"300\" width=\"500\" alt=\"Station II du chemin de croix de l&#039;\u00e9glise de Rennes-Le-Ch\u00e2teau\" class=\"slider-1118 slide-1120\" title=\"CDC-02\" \/><\/li>\n                <li style=\"display: none; width: 100%;\" class=\"slide-1121 ms-image \" aria-roledescription=\"slide\" aria-label=\"slide-1121\" data-date=\"2018-08-14 08:54:03\"><img data-recalc-dims=\"1\" loading=\"lazy\" decoding=\"async\" src=\"https:\/\/i0.wp.com\/rennes-le-chateau.org\/wp-content\/uploads\/2018\/08\/CDC-03-e1534229172804-300x180.jpg?resize=500%2C300&#038;ssl=1\" height=\"300\" width=\"500\" alt=\"Station III du chemin de croix de l&#039;\u00e9glise de Rennes-Le-Ch\u00e2teau\" class=\"slider-1118 slide-1121\" title=\"CDC-03\" \/><\/li>\n                <li style=\"display: none; width: 100%;\" class=\"slide-1122 ms-image \" aria-roledescription=\"slide\" aria-label=\"slide-1122\" data-date=\"2018-08-14 08:54:03\"><img data-recalc-dims=\"1\" loading=\"lazy\" decoding=\"async\" src=\"https:\/\/i0.wp.com\/rennes-le-chateau.org\/wp-content\/uploads\/2018\/08\/CDC-04-e1534229183710-300x180.jpg?resize=500%2C300&#038;ssl=1\" height=\"300\" width=\"500\" alt=\"Station IV du chemin de croix de l&#039;\u00e9glise de Rennes-Le-Ch\u00e2teau\" class=\"slider-1118 slide-1122\" title=\"CDC-04\" \/><\/li>\n                <li style=\"display: none; width: 100%;\" class=\"slide-1123 ms-image \" aria-roledescription=\"slide\" aria-label=\"slide-1123\" data-date=\"2018-08-14 08:54:03\"><img data-recalc-dims=\"1\" loading=\"lazy\" decoding=\"async\" src=\"https:\/\/i0.wp.com\/rennes-le-chateau.org\/wp-content\/uploads\/2018\/08\/CDC-05-e1534229202968-300x180.jpg?resize=500%2C300&#038;ssl=1\" height=\"300\" width=\"500\" alt=\"Station V du chemin de croix de l&#039;\u00e9glise de Rennes-Le-Ch\u00e2teau\" class=\"slider-1118 slide-1123\" title=\"CDC-05\" \/><\/li>\n                <li style=\"display: none; width: 100%;\" class=\"slide-1124 ms-image \" aria-roledescription=\"slide\" aria-label=\"slide-1124\" data-date=\"2018-08-14 08:54:04\"><img data-recalc-dims=\"1\" loading=\"lazy\" decoding=\"async\" src=\"https:\/\/i0.wp.com\/rennes-le-chateau.org\/wp-content\/uploads\/2018\/08\/CDC-06-e1534229212543-300x180.jpg?resize=500%2C300&#038;ssl=1\" height=\"300\" width=\"500\" alt=\"Station VI du chemin de croix de l&#039;\u00e9glise de Rennes-Le-Ch\u00e2teau\" class=\"slider-1118 slide-1124\" title=\"CDC-06\" \/><\/li>\n                <li style=\"display: none; width: 100%;\" class=\"slide-1125 ms-image \" aria-roledescription=\"slide\" aria-label=\"slide-1125\" data-date=\"2018-08-14 08:54:04\"><img data-recalc-dims=\"1\" loading=\"lazy\" decoding=\"async\" src=\"https:\/\/i0.wp.com\/rennes-le-chateau.org\/wp-content\/uploads\/2018\/08\/CDC-07-e1534229224567-300x180.jpg?resize=500%2C300&#038;ssl=1\" height=\"300\" width=\"500\" alt=\"Station VII du chemin de croix de l&#039;\u00e9glise de Rennes-Le-Ch\u00e2teau\" class=\"slider-1118 slide-1125\" title=\"CDC-07\" \/><\/li>\n                <li style=\"display: none; width: 100%;\" class=\"slide-1126 ms-image \" aria-roledescription=\"slide\" aria-label=\"slide-1126\" data-date=\"2018-08-14 08:54:04\"><img data-recalc-dims=\"1\" loading=\"lazy\" decoding=\"async\" src=\"https:\/\/i0.wp.com\/rennes-le-chateau.org\/wp-content\/uploads\/2018\/08\/CDC-08-e1534229240989-300x180.jpg?resize=500%2C300&#038;ssl=1\" height=\"300\" width=\"500\" alt=\"Station VIII du chemin de croix de l&#039;\u00e9glise de Rennes-Le-Ch\u00e2teau\" class=\"slider-1118 slide-1126\" title=\"CDC-08\" \/><\/li>\n                <li style=\"display: none; width: 100%;\" class=\"slide-1127 ms-image \" aria-roledescription=\"slide\" aria-label=\"slide-1127\" data-date=\"2018-08-14 08:54:04\"><img data-recalc-dims=\"1\" loading=\"lazy\" decoding=\"async\" src=\"https:\/\/i0.wp.com\/rennes-le-chateau.org\/wp-content\/uploads\/2018\/08\/CDC-09-e1534229251245-300x180.jpg?resize=500%2C300&#038;ssl=1\" height=\"300\" width=\"500\" alt=\"Station IX du chemin de croix de l&#039;\u00e9glise de Rennes-Le-Ch\u00e2teau\" class=\"slider-1118 slide-1127\" title=\"CDC-09\" \/><\/li>\n                <li style=\"display: none; width: 100%;\" class=\"slide-1128 ms-image \" aria-roledescription=\"slide\" aria-label=\"slide-1128\" data-date=\"2018-08-14 08:54:04\"><img data-recalc-dims=\"1\" loading=\"lazy\" decoding=\"async\" src=\"https:\/\/i0.wp.com\/rennes-le-chateau.org\/wp-content\/uploads\/2018\/08\/CDC-10-e1534229267457-300x180.jpg?resize=500%2C300&#038;ssl=1\" height=\"300\" width=\"500\" alt=\"Station X du chemin de croix de l&#039;\u00e9glise de Rennes-Le-Ch\u00e2teau\" class=\"slider-1118 slide-1128\" title=\"CDC-10\" \/><\/li>\n                <li style=\"display: none; width: 100%;\" class=\"slide-1129 ms-image \" aria-roledescription=\"slide\" aria-label=\"slide-1129\" data-date=\"2018-08-14 08:54:04\"><img data-recalc-dims=\"1\" loading=\"lazy\" decoding=\"async\" src=\"https:\/\/i0.wp.com\/rennes-le-chateau.org\/wp-content\/uploads\/2018\/08\/CDC-11-e1534229280144-300x180.jpg?resize=500%2C300&#038;ssl=1\" height=\"300\" width=\"500\" alt=\"Station XI du chemin de croix de l&#039;\u00e9glise de Rennes-Le-Ch\u00e2teau\" class=\"slider-1118 slide-1129\" title=\"CDC-11\" \/><\/li>\n                <li style=\"display: none; width: 100%;\" class=\"slide-1130 ms-image \" aria-roledescription=\"slide\" aria-label=\"slide-1130\" data-date=\"2018-08-14 08:54:04\"><img data-recalc-dims=\"1\" loading=\"lazy\" decoding=\"async\" src=\"https:\/\/i0.wp.com\/rennes-le-chateau.org\/wp-content\/uploads\/2018\/08\/CDC-12-e1534229291375-300x180.jpg?resize=500%2C300&#038;ssl=1\" height=\"300\" width=\"500\" alt=\"Station XII du chemin de croix de l&#039;\u00e9glise de Rennes-Le-Ch\u00e2teau\" class=\"slider-1118 slide-1130\" title=\"CDC-12\" \/><\/li>\n                <li style=\"display: none; width: 100%;\" class=\"slide-1131 ms-image \" aria-roledescription=\"slide\" aria-label=\"slide-1131\" data-date=\"2018-08-14 08:54:04\"><img data-recalc-dims=\"1\" loading=\"lazy\" decoding=\"async\" src=\"https:\/\/i0.wp.com\/rennes-le-chateau.org\/wp-content\/uploads\/2018\/08\/CDC-13-e1534229304387-300x180.jpg?resize=500%2C300&#038;ssl=1\" height=\"300\" width=\"500\" alt=\"Station XIII du chemin de croix de l&#039;\u00e9glise de Rennes-Le-Ch\u00e2teau\" class=\"slider-1118 slide-1131\" title=\"CDC-13\" \/><\/li>\n                <li style=\"display: none; width: 100%;\" class=\"slide-1132 ms-image \" aria-roledescription=\"slide\" aria-label=\"slide-1132\" data-date=\"2018-08-14 08:54:04\"><img data-recalc-dims=\"1\" loading=\"lazy\" decoding=\"async\" src=\"https:\/\/i0.wp.com\/rennes-le-chateau.org\/wp-content\/uploads\/2018\/08\/CDC-14-e1534229318802-300x180.jpg?resize=500%2C300&#038;ssl=1\" height=\"300\" width=\"500\" alt=\"Station XIV du chemin de croix de l&#039;\u00e9glise de Rennes-Le-Ch\u00e2teau\" class=\"slider-1118 slide-1132\" title=\"CDC-14\" \/><\/li>\n            <\/ul>\n        <\/div>\n        \n    <\/div>\n<\/div><\/p>\n<p><span style=\"color: #ff6600;\">Parmi les \u00e9tranget\u00e9s des constructions de B\u00e9renger Sauni\u00e8re <\/span>et notamment celles de\u00a0 la restauration de son \u00e9glise, nous ne pouvons manquer de nous pencher sur<span style=\"color: #ff6600;\"> les \u00e9nigmes de son chemin de croix<\/span>.<\/p>\n<p>Comme chacun le sait, un chemin de croix est la repr\u00e9sentation de la passion du Christ du moment o\u00f9 il a \u00e9t\u00e9 pr\u00e9sent\u00e9 \u00e0 Ponce Pilate jusqu&#8217;\u00e0 sa mise au tombeau apr\u00e8s sa mort sur la croix. Ce chemin de croix permettait aux pr\u00eatres de <span style=\"color: #ff6600;\">raconter ce que J\u00e9sus d\u00fb endurer jusqu&#8217;\u00e0 sa fin aux jeunes enfants suivant le cat\u00e9chisme<\/span>.<\/p>\n<p>G\u00e9n\u00e9ralement, ce chemin de croix est assez commun \u00e0 toutes les \u00e9glises de France, et probablement europ\u00e9enne. Les pr\u00eatres aimaient \u00e0 en faire d\u00e9cor\u00e9 le fond par des repr\u00e9sentations locales permettant ainsi au cat\u00e9chum\u00e8ne\u00a0 de s&#8217;approprier plus ais\u00e9ment ce que le pr\u00eatre lui enseignant.<span style=\"color: #ff6600;\"> B\u00e9renger Sauni\u00e8re ne manqua pas \u00e0 cette tradition<\/span> et fit souvent d\u00e9corer les arri\u00e8res plans des stations du chemin de croix de son \u00e9glise avec des repr\u00e9sentations pouvant se rapporter \u00e0 la r\u00e9gion du village. Pourtant, bien qu&#8217;issu du Catalogue du Statuaire Giscard de Toulouse, <span style=\"color: #ff6600;\">B\u00e9renger Sauni\u00e8re fit ou fit r\u00e9aliser des d\u00e9tails n&#8217;apparaissant nul part ailleurs<\/span> le rendant particulier et sujet \u00e0 l&#8217;\u00e9tude.<\/p>\n<p>Nous allons essentiellement nous pencher sur quelques stations qui \u00e0 notre avis posent <span style=\"color: #ff6600;\">de r\u00e9els questionnement<\/span> :<\/p>\n<p style=\"text-align: center;\">\n<table id=\"tablepress-2\" class=\"tablepress tablepress-id-2\">\n<tbody class=\"row-hover\">\n<tr class=\"row-1 odd\">\n\t<td class=\"column-1\"><div align=\"center\"><b>Station I<\/b><a href=\"https:\/\/rennes-le-chateau.org\/index.php\/le-chemin-de-croix-de-rennes-le-chateau\/le-chemin-de-croix-de-rennes-le-chateau-station-i\/\"><br \/>\n<img data-recalc-dims=\"1\" loading=\"lazy\" decoding=\"async\" src=\"https:\/\/i0.wp.com\/rennes-le-chateau.org\/wp-content\/uploads\/2018\/08\/CDC-01-e1534229149631.jpg?resize=300%2C199&#038;ssl=1\" alt=\"Station I du chemin de croix de l&#039;\u00e9glise de Rennes-Le-Ch\u00e2teau\" width=\"300\" height=\"199\" class=\"aligncenter size-full wp-image-1100\" srcset=\"https:\/\/i0.wp.com\/rennes-le-chateau.org\/wp-content\/uploads\/2018\/08\/CDC-01-e1534229149631.jpg?w=300&amp;ssl=1 300w, https:\/\/i0.wp.com\/rennes-le-chateau.org\/wp-content\/uploads\/2018\/08\/CDC-01-e1534229149631.jpg?resize=250%2C166&amp;ssl=1 250w\" sizes=\"auto, (max-width: 300px) 100vw, 300px\" \/><\/a><\/div><\/td><td class=\"column-2\"><div align=\"center\"><b>Station VIII<\/b><a href=\"https:\/\/rennes-le-chateau.org\/index.php\/le-chemin-de-croix-de-rennes-le-chateau-station-viii\/\"><br \/>\n<img data-recalc-dims=\"1\" loading=\"lazy\" decoding=\"async\" src=\"https:\/\/i0.wp.com\/rennes-le-chateau.org\/wp-content\/uploads\/2018\/08\/CDC-08-e1534229240989.jpg?resize=300%2C199&#038;ssl=1\" alt=\"Station VIII du chemin de croix de l&#039;\u00e9glise de Rennes-Le-Ch\u00e2teau\" width=\"300\" height=\"199\" class=\"aligncenter size-full wp-image-1107\" srcset=\"https:\/\/i0.wp.com\/rennes-le-chateau.org\/wp-content\/uploads\/2018\/08\/CDC-08-e1534229240989.jpg?w=300&amp;ssl=1 300w, https:\/\/i0.wp.com\/rennes-le-chateau.org\/wp-content\/uploads\/2018\/08\/CDC-08-e1534229240989.jpg?resize=250%2C166&amp;ssl=1 250w\" sizes=\"auto, (max-width: 300px) 100vw, 300px\" \/><\/a><\/div><\/td>\n<\/tr>\n<tr class=\"row-2 even\">\n\t<td class=\"column-1\"><div align=\"center\"><b>Station X<\/b><a href=\"https:\/\/rennes-le-chateau.org\/index.php\/le-chemin-de-croix-de-rennes-le-chateau\/le-chemin-de-croix-de-rennes-le-chateau-station-X\/\"><img data-recalc-dims=\"1\" loading=\"lazy\" decoding=\"async\" src=\"https:\/\/i0.wp.com\/rennes-le-chateau.org\/wp-content\/uploads\/2018\/08\/CDC-10-e1534229267457.jpg?resize=300%2C199&#038;ssl=1\" alt=\"Station X du chemin de croix de l&#039;\u00e9glise de Rennes-Le-Ch\u00e2teau\" width=\"300\" height=\"199\" class=\"aligncenter size-full wp-image-1109\" srcset=\"https:\/\/i0.wp.com\/rennes-le-chateau.org\/wp-content\/uploads\/2018\/08\/CDC-10-e1534229267457.jpg?w=300&amp;ssl=1 300w, https:\/\/i0.wp.com\/rennes-le-chateau.org\/wp-content\/uploads\/2018\/08\/CDC-10-e1534229267457.jpg?resize=250%2C166&amp;ssl=1 250w\" sizes=\"auto, (max-width: 300px) 100vw, 300px\" \/><\/div><\/td><td class=\"column-2\"><div align=\"center\"><b>Station XIV<\/b><a href=\"https:\/\/rennes-le-chateau.org\/index.php\/le-chemin-de-croix-de-rennes-le-chateau\/le-chemin-de-croix-de-rennes-le-chateau-station-XIV\/\"><img data-recalc-dims=\"1\" loading=\"lazy\" decoding=\"async\" src=\"https:\/\/i0.wp.com\/rennes-le-chateau.org\/wp-content\/uploads\/2018\/08\/CDC-14-e1534229318802.jpg?resize=300%2C199&#038;ssl=1\" alt=\"Station XIV du chemin de croix de l&#039;\u00e9glise de Rennes-Le-Ch\u00e2teau\" width=\"300\" height=\"199\" class=\"aligncenter size-full wp-image-1109\" \/><\/div><\/td>\n<\/tr>\n<\/tbody>\n<\/table>\n<!-- #tablepress-2 from cache --><\/p>\n<p>&nbsp;<\/p>\n","protected":false},"excerpt":{"rendered":"<p>Accueil \/ Etudes et Analyses \/ L&#8217;affaire B\u00e9renger Sauni\u00e8re\u00a0 \/\u00a0Les travaux de B\u00e9renger Sauni\u00e8re Parmi les \u00e9tranget\u00e9s des constructions de B\u00e9renger Sauni\u00e8re et notamment celles de\u00a0 la restauration de son \u00e9glise, nous ne pouvons manquer de nous pencher sur les \u00e9nigmes de son chemin de croix. Comme chacun le sait, un chemin de croix est &hellip; <\/p>\n<p class=\"link-more\"><a href=\"https:\/\/rennes-le-chateau.org\/index.php\/le-site\/laffaire-berenger-sauniere\/les-travaux-de-berenger-sauniere\/le-chemin-de-croix-de-rennes-le-chateau\/\" class=\"more-link\">Continuer la lecture<span class=\"screen-reader-text\"> de &laquo;&nbsp;Le Chemin de Croix de Rennes-Le-Ch\u00e2teau&nbsp;&raquo;<\/span><\/a><\/p>\n","protected":false},"author":1,"featured_media":0,"parent":106,"menu_order":0,"comment_status":"open","ping_status":"closed","template":"","meta":{"jetpack_post_was_ever_published":false,"footnotes":""},"class_list":["post-1082","page","type-page","status-publish","hentry"],"jetpack_sharing_enabled":true,"jetpack_shortlink":"https:\/\/wp.me\/P9SxBn-hs","_links":{"self":[{"href":"https:\/\/rennes-le-chateau.org\/index.php\/wp-json\/wp\/v2\/pages\/1082","targetHints":{"allow":["GET"]}}],"collection":[{"href":"https:\/\/rennes-le-chateau.org\/index.php\/wp-json\/wp\/v2\/pages"}],"about":[{"href":"https:\/\/rennes-le-chateau.org\/index.php\/wp-json\/wp\/v2\/types\/page"}],"author":[{"embeddable":true,"href":"https:\/\/rennes-le-chateau.org\/index.php\/wp-json\/wp\/v2\/users\/1"}],"replies":[{"embeddable":true,"href":"https:\/\/rennes-le-chateau.org\/index.php\/wp-json\/wp\/v2\/comments?post=1082"}],"version-history":[{"count":10,"href":"https:\/\/rennes-le-chateau.org\/index.php\/wp-json\/wp\/v2\/pages\/1082\/revisions"}],"predecessor-version":[{"id":1411,"href":"https:\/\/rennes-le-chateau.org\/index.php\/wp-json\/wp\/v2\/pages\/1082\/revisions\/1411"}],"up":[{"embeddable":true,"href":"https:\/\/rennes-le-chateau.org\/index.php\/wp-json\/wp\/v2\/pages\/106"}],"wp:attachment":[{"href":"https:\/\/rennes-le-chateau.org\/index.php\/wp-json\/wp\/v2\/media?parent=1082"}],"curies":[{"name":"wp","href":"https:\/\/api.w.org\/{rel}","templated":true}]}}